{"id":6867,"date":"2019-10-09T10:42:34","date_gmt":"2019-10-09T08:42:34","guid":{"rendered":"https:\/\/www.salve.si\/?post_type=product&#038;p=6867"},"modified":"2024-01-01T23:00:39","modified_gmt":"2024-01-01T22:00:39","slug":"prezivel-po-cudezu","status":"publish","type":"product","link":"https:\/\/www.salve.si\/en\/trgovina\/knjige\/svetniki-in-zivljenjepisi\/prezivel-po-cudezu\/","title":{"rendered":"PRE\u017dIVEL PO \u010cUDE\u017dU"},"content":{"rendered":"<p>Ta knjiga ni biografija heroja, temve\u010d preprostega \u010dloveka, salezijanca Toma, ki je zakoreninjen v veri in potopljen v molitev.<\/p>\n<p>4. marec 2016 je datum, ko je za\u010del &#8220;drugi pol\u010das&#8221; svojega \u017eivljenja kot pri\u010da o\u010dividec kr\u0161\u010danskega mu\u010deni\u0161tva. Ta dan je skupina teroristov napadla Dom oskrbovancev, ki ga vodijo Misijonarke ljubezni v Adnu, glavnem mestu Jemna, in pobila \u0161tiri od petih sester ter dvanajst uslu\u017ebencev.<\/p>\n<p>Toma so ugrabili in za njim se je izgbila sled. Nekatere tiskovne agencije so dramati\u010dno poro\u010dale, da so salezijanskega duhovnika kri\u017eali.<\/p>\n<p>V rokah svojih ugrabiteljev je v popolni osami pre\u017eivel 557 dni. Dogajanje ga je fizi\u010dno izmu\u010dilo, a okrepilo njegovega duha in ga poglobilo v molitev, da je mogel po Bo\u017eji volji do\u010dakati svojo izpustitev.<span class=\"slv-content-keywords\"> Posebna ponudba Knjige Avtobiografije, \u017eivljenjepisi Razno Tom Uzhunnalil mu\u010denik mu\u010deni\u0161tvo pri\u010devanje ugrabitev Svoboden po 557 dneh ujetni\u0161tva v Jemnu <\/span><\/p>","protected":false},"excerpt":{"rendered":"<p>Avtobiografija Toma Uzhunnalil-a, kjer avtor spregovori o svojem otro\u0161tvu in salezijanskem poklicu vse do stra\u0161nih dni, ki jih je pre\u017eivel kot talec islamskih skrajne\u017eev v Jemnu. To je zgodba upanja, molitve in re\u0161itve.<\/p>","protected":false},"featured_media":6868,"template":"","meta":{"_acf_changed":false,"footnotes":""},"product_cat":[709,141,315,663],"product_tag":[904,903,897,902],"class_list":{"0":"post-6867","1":"product","2":"type-product","3":"status-publish","4":"has-post-thumbnail","6":"authors-tom-uzhunnalil","7":"publisher-salve-d-o-o-ljubljana","8":"product_cat-posebna-ponudba","9":"product_cat-knjige","10":"product_cat-svetniki-in-zivljenjepisi","11":"product_cat-razno-knjige","12":"product_tag-mucenik","13":"product_tag-mucenistvo","14":"product_tag-pricevanje","15":"product_tag-ugrabitev","17":"first","18":"instock","19":"shipping-taxable","20":"purchasable","21":"product-type-simple"},"acf":[],"yoast_head":"<!-- This site is optimized with the Yoast SEO plugin v23.8 - https:\/\/yoast.com\/wordpress\/plugins\/seo\/ -->\n<title>PRE\u017dIVEL PO \u010cUDE\u017dU - Salve<\/title>\n<meta name=\"robots\" content=\"index, follow, max-snippet:-1, max-image-preview:large, max-video-preview:-1\" \/>\n<link rel=\"canonical\" href=\"https:\/\/www.salve.si\/en\/trgovina\/knjige\/svetniki-in-zivljenjepisi\/prezivel-po-cudezu\/\" \/>\n<meta property=\"og:locale\" content=\"en_US\" \/>\n<meta property=\"og:type\" content=\"article\" \/>\n<meta property=\"og:title\" content=\"PRE\u017dIVEL PO \u010cUDE\u017dU - Salve\" \/>\n<meta property=\"og:description\" content=\"Avtobiografija Toma Uzhunnalil-a, kjer avtor spregovori o svojem otro\u0161tvu in salezijanskem poklicu vse do stra\u0161nih dni, ki jih je pre\u017eivel kot talec islamskih skrajne\u017eev v Jemnu. To je zgodba upanja, molitve in re\u0161itve.\" \/>\n<meta property=\"og:url\" content=\"https:\/\/www.salve.si\/en\/trgovina\/knjige\/svetniki-in-zivljenjepisi\/prezivel-po-cudezu\/\" \/>\n<meta property=\"og:site_name\" content=\"Salve\" \/>\n<meta property=\"article:publisher\" content=\"https:\/\/www.facebook.com\/salve.si\" \/>\n<meta property=\"article:modified_time\" content=\"2024-01-01T22:00:39+00:00\" \/>\n<meta property=\"og:image\" content=\"https:\/\/www.salve.si\/wp-content\/uploads\/2019\/10\/Prezivel-po-cudezu-naslovnica.jpg\" \/>\n\t<meta property=\"og:image:width\" content=\"1558\" \/>\n\t<meta property=\"og:image:height\" content=\"2626\" \/>\n\t<meta property=\"og:image:type\" content=\"image\/jpeg\" \/>\n<meta name=\"twitter:card\" content=\"summary_large_image\" \/>\n<meta name=\"twitter:label1\" content=\"Est. reading time\" \/>\n\t<meta name=\"twitter:data1\" content=\"1 minute\" \/>\n<script type=\"application\/ld+json\" class=\"yoast-schema-graph\">{\"@context\":\"https:\/\/schema.org\",\"@graph\":[{\"@type\":\"WebPage\",\"@id\":\"https:\/\/www.salve.si\/trgovina\/knjige\/svetniki-in-zivljenjepisi\/prezivel-po-cudezu\/\",\"url\":\"https:\/\/www.salve.si\/trgovina\/knjige\/svetniki-in-zivljenjepisi\/prezivel-po-cudezu\/\",\"name\":\"PRE\u017dIVEL PO \u010cUDE\u017dU - Salve\",\"isPartOf\":{\"@id\":\"https:\/\/www.salve.si\/#website\"},\"primaryImageOfPage\":{\"@id\":\"https:\/\/www.salve.si\/trgovina\/knjige\/svetniki-in-zivljenjepisi\/prezivel-po-cudezu\/#primaryimage\"},\"image\":{\"@id\":\"https:\/\/www.salve.si\/trgovina\/knjige\/svetniki-in-zivljenjepisi\/prezivel-po-cudezu\/#primaryimage\"},\"thumbnailUrl\":\"https:\/\/www.salve.si\/wp-content\/uploads\/2019\/10\/Prezivel-po-cudezu-naslovnica.jpg\",\"datePublished\":\"2019-10-09T08:42:34+00:00\",\"dateModified\":\"2024-01-01T22:00:39+00:00\",\"breadcrumb\":{\"@id\":\"https:\/\/www.salve.si\/trgovina\/knjige\/svetniki-in-zivljenjepisi\/prezivel-po-cudezu\/#breadcrumb\"},\"inLanguage\":\"en-US\",\"potentialAction\":[{\"@type\":\"ReadAction\",\"target\":[\"https:\/\/www.salve.si\/trgovina\/knjige\/svetniki-in-zivljenjepisi\/prezivel-po-cudezu\/\"]}]},{\"@type\":\"ImageObject\",\"inLanguage\":\"en-US\",\"@id\":\"https:\/\/www.salve.si\/trgovina\/knjige\/svetniki-in-zivljenjepisi\/prezivel-po-cudezu\/#primaryimage\",\"url\":\"https:\/\/www.salve.si\/wp-content\/uploads\/2019\/10\/Prezivel-po-cudezu-naslovnica.jpg\",\"contentUrl\":\"https:\/\/www.salve.si\/wp-content\/uploads\/2019\/10\/Prezivel-po-cudezu-naslovnica.jpg\",\"width\":1558,\"height\":2626},{\"@type\":\"BreadcrumbList\",\"@id\":\"https:\/\/www.salve.si\/trgovina\/knjige\/svetniki-in-zivljenjepisi\/prezivel-po-cudezu\/#breadcrumb\",\"itemListElement\":[{\"@type\":\"ListItem\",\"position\":1,\"name\":\"Home\",\"item\":\"https:\/\/www.salve.si\/\"},{\"@type\":\"ListItem\",\"position\":2,\"name\":\"Trgovina\",\"item\":\"https:\/\/www.salve.si\/trgovina\/\"},{\"@type\":\"ListItem\",\"position\":3,\"name\":\"PRE\u017dIVEL PO \u010cUDE\u017dU\"}]},{\"@type\":\"WebSite\",\"@id\":\"https:\/\/www.salve.si\/#website\",\"url\":\"https:\/\/www.salve.si\/\",\"name\":\"Salve\",\"description\":\"Salezijanska zalo\u017eba\",\"publisher\":{\"@id\":\"https:\/\/www.salve.si\/#organization\"},\"potentialAction\":[{\"@type\":\"SearchAction\",\"target\":{\"@type\":\"EntryPoint\",\"urlTemplate\":\"https:\/\/www.salve.si\/?s={search_term_string}\"},\"query-input\":{\"@type\":\"PropertyValueSpecification\",\"valueRequired\":true,\"valueName\":\"search_term_string\"}}],\"inLanguage\":\"en-US\"},{\"@type\":\"Organization\",\"@id\":\"https:\/\/www.salve.si\/#organization\",\"name\":\"Salve d.o.o.\",\"url\":\"https:\/\/www.salve.si\/\",\"logo\":{\"@type\":\"ImageObject\",\"inLanguage\":\"en-US\",\"@id\":\"https:\/\/www.salve.si\/#\/schema\/logo\/image\/\",\"url\":\"https:\/\/www.salve.si\/wp-content\/uploads\/2021\/01\/Salve_logo_modri_nov_web.png\",\"contentUrl\":\"https:\/\/www.salve.si\/wp-content\/uploads\/2021\/01\/Salve_logo_modri_nov_web.png\",\"width\":279,\"height\":90,\"caption\":\"Salve d.o.o.\"},\"image\":{\"@id\":\"https:\/\/www.salve.si\/#\/schema\/logo\/image\/\"},\"sameAs\":[\"https:\/\/www.facebook.com\/salve.si\",\"https:\/\/www.instagram.com\/zalozbasalve\/\",\"https:\/\/www.linkedin.com\/company\/zalozba-salve\/\"]}]}<\/script>\n<!-- \/ Yoast SEO plugin. -->","yoast_head_json":{"title":"PRE\u017dIVEL PO \u010cUDE\u017dU - Salve","robots":{"index":"index","follow":"follow","max-snippet":"max-snippet:-1","max-image-preview":"max-image-preview:large","max-video-preview":"max-video-preview:-1"},"canonical":"https:\/\/www.salve.si\/en\/trgovina\/knjige\/svetniki-in-zivljenjepisi\/prezivel-po-cudezu\/","og_locale":"en_US","og_type":"article","og_title":"PRE\u017dIVEL PO \u010cUDE\u017dU - Salve","og_description":"Avtobiografija Toma Uzhunnalil-a, kjer avtor spregovori o svojem otro\u0161tvu in salezijanskem poklicu vse do stra\u0161nih dni, ki jih je pre\u017eivel kot talec islamskih skrajne\u017eev v Jemnu. To je zgodba upanja, molitve in re\u0161itve.","og_url":"https:\/\/www.salve.si\/en\/trgovina\/knjige\/svetniki-in-zivljenjepisi\/prezivel-po-cudezu\/","og_site_name":"Salve","article_publisher":"https:\/\/www.facebook.com\/salve.si","article_modified_time":"2024-01-01T22:00:39+00:00","og_image":[{"width":1558,"height":2626,"url":"https:\/\/www.salve.si\/wp-content\/uploads\/2019\/10\/Prezivel-po-cudezu-naslovnica.jpg","type":"image\/jpeg"}],"twitter_card":"summary_large_image","twitter_misc":{"Est. reading time":"1 minute"},"schema":{"@context":"https:\/\/schema.org","@graph":[{"@type":"WebPage","@id":"https:\/\/www.salve.si\/trgovina\/knjige\/svetniki-in-zivljenjepisi\/prezivel-po-cudezu\/","url":"https:\/\/www.salve.si\/trgovina\/knjige\/svetniki-in-zivljenjepisi\/prezivel-po-cudezu\/","name":"PRE\u017dIVEL PO \u010cUDE\u017dU - Salve","isPartOf":{"@id":"https:\/\/www.salve.si\/#website"},"primaryImageOfPage":{"@id":"https:\/\/www.salve.si\/trgovina\/knjige\/svetniki-in-zivljenjepisi\/prezivel-po-cudezu\/#primaryimage"},"image":{"@id":"https:\/\/www.salve.si\/trgovina\/knjige\/svetniki-in-zivljenjepisi\/prezivel-po-cudezu\/#primaryimage"},"thumbnailUrl":"https:\/\/www.salve.si\/wp-content\/uploads\/2019\/10\/Prezivel-po-cudezu-naslovnica.jpg","datePublished":"2019-10-09T08:42:34+00:00","dateModified":"2024-01-01T22:00:39+00:00","breadcrumb":{"@id":"https:\/\/www.salve.si\/trgovina\/knjige\/svetniki-in-zivljenjepisi\/prezivel-po-cudezu\/#breadcrumb"},"inLanguage":"en-US","potentialAction":[{"@type":"ReadAction","target":["https:\/\/www.salve.si\/trgovina\/knjige\/svetniki-in-zivljenjepisi\/prezivel-po-cudezu\/"]}]},{"@type":"ImageObject","inLanguage":"en-US","@id":"https:\/\/www.salve.si\/trgovina\/knjige\/svetniki-in-zivljenjepisi\/prezivel-po-cudezu\/#primaryimage","url":"https:\/\/www.salve.si\/wp-content\/uploads\/2019\/10\/Prezivel-po-cudezu-naslovnica.jpg","contentUrl":"https:\/\/www.salve.si\/wp-content\/uploads\/2019\/10\/Prezivel-po-cudezu-naslovnica.jpg","width":1558,"height":2626},{"@type":"BreadcrumbList","@id":"https:\/\/www.salve.si\/trgovina\/knjige\/svetniki-in-zivljenjepisi\/prezivel-po-cudezu\/#breadcrumb","itemListElement":[{"@type":"ListItem","position":1,"name":"Home","item":"https:\/\/www.salve.si\/"},{"@type":"ListItem","position":2,"name":"Trgovina","item":"https:\/\/www.salve.si\/trgovina\/"},{"@type":"ListItem","position":3,"name":"PRE\u017dIVEL PO \u010cUDE\u017dU"}]},{"@type":"WebSite","@id":"https:\/\/www.salve.si\/#website","url":"https:\/\/www.salve.si\/","name":"Salve","description":"Salezijanska zalo\u017eba","publisher":{"@id":"https:\/\/www.salve.si\/#organization"},"potentialAction":[{"@type":"SearchAction","target":{"@type":"EntryPoint","urlTemplate":"https:\/\/www.salve.si\/?s={search_term_string}"},"query-input":{"@type":"PropertyValueSpecification","valueRequired":true,"valueName":"search_term_string"}}],"inLanguage":"en-US"},{"@type":"Organization","@id":"https:\/\/www.salve.si\/#organization","name":"Salve d.o.o.","url":"https:\/\/www.salve.si\/","logo":{"@type":"ImageObject","inLanguage":"en-US","@id":"https:\/\/www.salve.si\/#\/schema\/logo\/image\/","url":"https:\/\/www.salve.si\/wp-content\/uploads\/2021\/01\/Salve_logo_modri_nov_web.png","contentUrl":"https:\/\/www.salve.si\/wp-content\/uploads\/2021\/01\/Salve_logo_modri_nov_web.png","width":279,"height":90,"caption":"Salve d.o.o."},"image":{"@id":"https:\/\/www.salve.si\/#\/schema\/logo\/image\/"},"sameAs":["https:\/\/www.facebook.com\/salve.si","https:\/\/www.instagram.com\/zalozbasalve\/","https:\/\/www.linkedin.com\/company\/zalozba-salve\/"]}]}},"_links":{"self":[{"href":"https:\/\/www.salve.si\/en\/wp-json\/wp\/v2\/product\/6867","targetHints":{"allow":["GET"]}}],"collection":[{"href":"https:\/\/www.salve.si\/en\/wp-json\/wp\/v2\/product"}],"about":[{"href":"https:\/\/www.salve.si\/en\/wp-json\/wp\/v2\/types\/product"}],"version-history":[{"count":3,"href":"https:\/\/www.salve.si\/en\/wp-json\/wp\/v2\/product\/6867\/revisions"}],"predecessor-version":[{"id":13928,"href":"https:\/\/www.salve.si\/en\/wp-json\/wp\/v2\/product\/6867\/revisions\/13928"}],"wp:featuredmedia":[{"embeddable":true,"href":"https:\/\/www.salve.si\/en\/wp-json\/wp\/v2\/media\/6868"}],"wp:attachment":[{"href":"https:\/\/www.salve.si\/en\/wp-json\/wp\/v2\/media?parent=6867"}],"wp:term":[{"taxonomy":"product_cat","embeddable":true,"href":"https:\/\/www.salve.si\/en\/wp-json\/wp\/v2\/product_cat?post=6867"},{"taxonomy":"product_tag","embeddable":true,"href":"https:\/\/www.salve.si\/en\/wp-json\/wp\/v2\/product_tag?post=6867"}],"curies":[{"name":"wp","href":"https:\/\/api.w.org\/{rel}","templated":true}]}}

PREŽIVEL PO ČUDEŽU

<p>Ta knjiga ni biografija heroja, temveč preprostega človeka, salezijanca Toma, ki je zakoreninjen v veri in potopljen v molitev.</p>
<p>4. marec 2016 je datum, ko je začel &#8220;drugi polčas&#8221; svojega življenja kot priča očividec krščanskega mučeništva. Ta dan je skupina teroristov napadla Dom oskrbovancev, ki ga vodijo Misijonarke ljubezni v Adnu, glavnem mestu Jemna, in pobila štiri od petih sester ter dvanajst uslužbencev.</p>
<p>Toma so ugrabili in za njim se je izgbila sled. Nekatere tiskovne agencije so dramatično poročale, da so salezijanskega duhovnika križali.</p>
<p>V rokah svojih ugrabiteljev je v popolni osami preživel 557 dni. Dogajanje ga je fizično izmučilo, a okrepilo njegovega duha in ga poglobilo v molitev, da je mogel po Božji volji dočakati svojo izpustitev.<span class="slv-content-keywords"> Posebna ponudba Knjige Avtobiografije, življenjepisi Razno Tom Uzhunnalil mučenik mučeništvo pričevanje ugrabitev Svoboden po 557 dneh ujetništva v Jemnu </span></p>

<p>Avtobiografija Toma Uzhunnalil-a, kjer avtor spregovori o svojem otroštvu in salezijanskem poklicu vse do strašnih dni, ki jih je preživel kot talec islamskih skrajnežev v Jemnu. To je zgodba upanja, molitve in rešitve.</p>

<!-- This site is optimized with the Yoast SEO plugin v23.8 - https://yoast.com/wordpress/plugins/seo/ -->
<title>PREŽIVEL PO ČUDEŽU - Salve</title>
<meta name="robots" content="index, follow, max-snippet:-1, max-image-preview:large, max-video-preview:-1" />
<link rel="canonical" href="https://www.salve.si/en/trgovina/knjige/svetniki-in-zivljenjepisi/prezivel-po-cudezu/" />
<meta property="og:locale" content="en_US" />
<meta property="og:type" content="article" />
<meta property="og:title" content="PREŽIVEL PO ČUDEŽU - Salve" />
<meta property="og:description" content="Avtobiografija Toma Uzhunnalil-a, kjer avtor spregovori o svojem otroštvu in salezijanskem poklicu vse do strašnih dni, ki jih je preživel kot talec islamskih skrajnežev v Jemnu. To je zgodba upanja, molitve in rešitve." />
<meta property="og:url" content="https://www.salve.si/en/trgovina/knjige/svetniki-in-zivljenjepisi/prezivel-po-cudezu/" />
<meta property="og:site_name" content="Salve" />
<meta property="article:publisher" content="https://www.facebook.com/salve.si" />
<meta property="article:modified_time" content="2024-01-01T22:00:39+00:00" />
<meta property="og:image" content="https://www.salve.si/wp-content/uploads/2019/10/Prezivel-po-cudezu-naslovnica.jpg" />
	<meta property="og:image:width" content="1558" />
	<meta property="og:image:height" content="2626" />
	<meta property="og:image:type" content="image/jpeg" />
<meta name="twitter:card" content="summary_large_image" />
<meta name="twitter:label1" content="Est. reading time" />
	<meta name="twitter:data1" content="1 minute" />
<script type="application/ld+json" class="yoast-schema-graph">{"@context":"https://schema.org","@graph":[{"@type":"WebPage","@id":"https://www.salve.si/trgovina/knjige/svetniki-in-zivljenjepisi/prezivel-po-cudezu/","url":"https://www.salve.si/trgovina/knjige/svetniki-in-zivljenjepisi/prezivel-po-cudezu/","name":"PREŽIVEL PO ČUDEŽU - Salve","isPartOf":{"@id":"https://www.salve.si/#website"},"primaryImageOfPage":{"@id":"https://www.salve.si/trgovina/knjige/svetniki-in-zivljenjepisi/prezivel-po-cudezu/#primaryimage"},"image":{"@id":"https://www.salve.si/trgovina/knjige/svetniki-in-zivljenjepisi/prezivel-po-cudezu/#primaryimage"},"thumbnailUrl":"https://www.salve.si/wp-content/uploads/2019/10/Prezivel-po-cudezu-naslovnica.jpg","datePublished":"2019-10-09T08:42:34+00:00","dateModified":"2024-01-01T22:00:39+00:00","breadcrumb":{"@id":"https://www.salve.si/trgovina/knjige/svetniki-in-zivljenjepisi/prezivel-po-cudezu/#breadcrumb"},"inLanguage":"en-US","potentialAction":[{"@type":"ReadAction","target":["https://www.salve.si/trgovina/knjige/svetniki-in-zivljenjepisi/prezivel-po-cudezu/"]}]},{"@type":"ImageObject","inLanguage":"en-US","@id":"https://www.salve.si/trgovina/knjige/svetniki-in-zivljenjepisi/prezivel-po-cudezu/#primaryimage","url":"https://www.salve.si/wp-content/uploads/2019/10/Prezivel-po-cudezu-naslovnica.jpg","contentUrl":"https://www.salve.si/wp-content/uploads/2019/10/Prezivel-po-cudezu-naslovnica.jpg","width":1558,"height":2626},{"@type":"BreadcrumbList","@id":"https://www.salve.si/trgovina/knjige/svetniki-in-zivljenjepisi/prezivel-po-cudezu/#breadcrumb","itemListElement":[{"@type":"ListItem","position":1,"name":"Home","item":"https://www.salve.si/"},{"@type":"ListItem","position":2,"name":"Trgovina","item":"https://www.salve.si/trgovina/"},{"@type":"ListItem","position":3,"name":"PREŽIVEL PO ČUDEŽU"}]},{"@type":"WebSite","@id":"https://www.salve.si/#website","url":"https://www.salve.si/","name":"Salve","description":"Salezijanska založba","publisher":{"@id":"https://www.salve.si/#organization"},"potentialAction":[{"@type":"SearchAction","target":{"@type":"EntryPoint","urlTemplate":"https://www.salve.si/?s={search_term_string}"},"query-input":{"@type":"PropertyValueSpecification","valueRequired":true,"valueName":"search_term_string"}}],"inLanguage":"en-US"},{"@type":"Organization","@id":"https://www.salve.si/#organization","name":"Salve d.o.o.","url":"https://www.salve.si/","logo":{"@type":"ImageObject","inLanguage":"en-US","@id":"https://www.salve.si/#/schema/logo/image/","url":"https://www.salve.si/wp-content/uploads/2021/01/Salve_logo_modri_nov_web.png","contentUrl":"https://www.salve.si/wp-content/uploads/2021/01/Salve_logo_modri_nov_web.png","width":279,"height":90,"caption":"Salve d.o.o."},"image":{"@id":"https://www.salve.si/#/schema/logo/image/"},"sameAs":["https://www.facebook.com/salve.si","https://www.instagram.com/zalozbasalve/","https://www.linkedin.com/company/zalozba-salve/"]}]}</script>
<!-- / Yoast SEO plugin. -->

PREŽIVEL PO ČUDEŽU - Salve

Avtobiografija Toma Uzhunnalil-a, kjer avtor spregovori o svojem otroštvu in salezijanskem poklicu vse do strašnih dni, ki jih je preživel kot talec islamskih skrajnežev v Jemnu. To je zgodba upanja, molitve in rešitve.

Salezijanska založba
