{"id":6609,"date":"2019-08-02T09:26:10","date_gmt":"2019-08-02T07:26:10","guid":{"rendered":"https:\/\/www.salve.si\/?post_type=product&#038;p=6609"},"modified":"2019-08-02T09:26:10","modified_gmt":"2019-08-02T07:26:10","slug":"pri-tebi-na-gori","status":"publish","type":"product","link":"https:\/\/www.salve.si\/en\/trgovina\/knjige\/poezija\/pri-tebi-na-gori\/","title":{"rendered":"PRI TEBI NA GORI"},"content":{"rendered":"<p>Veliko pesmi v zbirki je posve\u010denih Mariji &#8211; Kraljici miru na Kure\u0161\u010dku. Pesmi so preproste, razumljive in hkrati globoko duhovne. Zadevajo najintimnej\u0161e bistvo \u010dloveka: odnos do Boga in do samega sebe, s tem pa tudi do so\u010dloveka in dru\u017ebe. Njene pesmi vsebujejo malo besed, vendar je v njih veliko pomena. Pi\u0161e v prostem verzu, ki je kratek, asketski.<\/p>\n<p>Zbirka je razdeljena na pet ciklov. Pesmi v prvem so posve\u010dene domovini, drugi cikel je posve\u010den Mariji Kraljici miru, tretji del predstavljajo pesmi, posve\u010dene umrlim in porajajo\u010dim se, tudi pobitim po koncu druge svetovne vojne. Posebni sta zadnji dve pesmi, ki sta, \u010deprav opevata poru\u0161ena sakralna objekta, polni vere in optimizma.<\/p>\n<p><em>(iz zaklju\u010dka zbirke, napisala Marjeta \u017debovec)<\/em><span class=\"slv-content-keywords\"> Alenka Jeraj Knjige Poezija Marija Kraljica miru Kure\u0161\u010dek duhovne pesmi <\/span><\/p>","protected":false},"excerpt":{"rendered":"<p>Pesni\u0161ka zbirka Alenke Jeraj, v kateri so zbrane njene duhovne pesmi.<\/p>","protected":false},"featured_media":6611,"template":"","meta":{"_acf_changed":false,"footnotes":""},"product_cat":[141,313],"product_tag":[874,873,872],"class_list":{"0":"post-6609","1":"product","2":"type-product","3":"status-publish","4":"has-post-thumbnail","6":"authors-alenka-jeraj","7":"publisher-salve-d-o-o-ljubljana","8":"product_cat-knjige","9":"product_cat-poezija","10":"product_tag-duhovne-pesmi","11":"product_tag-kurescek","12":"product_tag-marija-kraljica-miru","14":"first","15":"instock","16":"shipping-taxable","17":"purchasable","18":"product-type-simple"},"acf":[],"yoast_head":"<!-- This site is optimized with the Yoast SEO plugin v23.8 - https:\/\/yoast.com\/wordpress\/plugins\/seo\/ -->\n<title>PRI TEBI NA GORI - Salve<\/title>\n<meta name=\"robots\" content=\"index, follow, max-snippet:-1, max-image-preview:large, max-video-preview:-1\" \/>\n<link rel=\"canonical\" href=\"https:\/\/www.salve.si\/en\/trgovina\/knjige\/poezija\/pri-tebi-na-gori\/\" \/>\n<meta property=\"og:locale\" content=\"en_US\" \/>\n<meta property=\"og:type\" content=\"article\" \/>\n<meta property=\"og:title\" content=\"PRI TEBI NA GORI - Salve\" \/>\n<meta property=\"og:description\" content=\"Pesni\u0161ka zbirka Alenke Jeraj, v kateri so zbrane njene duhovne pesmi.\" \/>\n<meta property=\"og:url\" content=\"https:\/\/www.salve.si\/en\/trgovina\/knjige\/poezija\/pri-tebi-na-gori\/\" \/>\n<meta property=\"og:site_name\" content=\"Salve\" \/>\n<meta property=\"article:publisher\" content=\"https:\/\/www.facebook.com\/salve.si\" \/>\n<meta property=\"og:image\" content=\"https:\/\/www.salve.si\/wp-content\/uploads\/2019\/08\/Pri-Tebi-na-Gori-naslovnica_Page_1.jpg\" \/>\n\t<meta property=\"og:image:width\" content=\"2449\" \/>\n\t<meta property=\"og:image:height\" content=\"3427\" \/>\n\t<meta property=\"og:image:type\" content=\"image\/jpeg\" \/>\n<meta name=\"twitter:card\" content=\"summary_large_image\" \/>\n<meta name=\"twitter:label1\" content=\"Est. reading time\" \/>\n\t<meta name=\"twitter:data1\" content=\"1 minute\" \/>\n<script type=\"application\/ld+json\" class=\"yoast-schema-graph\">{\"@context\":\"https:\/\/schema.org\",\"@graph\":[{\"@type\":\"WebPage\",\"@id\":\"https:\/\/www.salve.si\/trgovina\/knjige\/poezija\/pri-tebi-na-gori\/\",\"url\":\"https:\/\/www.salve.si\/trgovina\/knjige\/poezija\/pri-tebi-na-gori\/\",\"name\":\"PRI TEBI NA GORI - Salve\",\"isPartOf\":{\"@id\":\"https:\/\/www.salve.si\/#website\"},\"primaryImageOfPage\":{\"@id\":\"https:\/\/www.salve.si\/trgovina\/knjige\/poezija\/pri-tebi-na-gori\/#primaryimage\"},\"image\":{\"@id\":\"https:\/\/www.salve.si\/trgovina\/knjige\/poezija\/pri-tebi-na-gori\/#primaryimage\"},\"thumbnailUrl\":\"https:\/\/www.salve.si\/wp-content\/uploads\/2019\/08\/Pri-Tebi-na-Gori-naslovnica_Page_1.jpg\",\"datePublished\":\"2019-08-02T07:26:10+00:00\",\"dateModified\":\"2019-08-02T07:26:10+00:00\",\"breadcrumb\":{\"@id\":\"https:\/\/www.salve.si\/trgovina\/knjige\/poezija\/pri-tebi-na-gori\/#breadcrumb\"},\"inLanguage\":\"en-US\",\"potentialAction\":[{\"@type\":\"ReadAction\",\"target\":[\"https:\/\/www.salve.si\/trgovina\/knjige\/poezija\/pri-tebi-na-gori\/\"]}]},{\"@type\":\"ImageObject\",\"inLanguage\":\"en-US\",\"@id\":\"https:\/\/www.salve.si\/trgovina\/knjige\/poezija\/pri-tebi-na-gori\/#primaryimage\",\"url\":\"https:\/\/www.salve.si\/wp-content\/uploads\/2019\/08\/Pri-Tebi-na-Gori-naslovnica_Page_1.jpg\",\"contentUrl\":\"https:\/\/www.salve.si\/wp-content\/uploads\/2019\/08\/Pri-Tebi-na-Gori-naslovnica_Page_1.jpg\",\"width\":2449,\"height\":3427},{\"@type\":\"BreadcrumbList\",\"@id\":\"https:\/\/www.salve.si\/trgovina\/knjige\/poezija\/pri-tebi-na-gori\/#breadcrumb\",\"itemListElement\":[{\"@type\":\"ListItem\",\"position\":1,\"name\":\"Home\",\"item\":\"https:\/\/www.salve.si\/\"},{\"@type\":\"ListItem\",\"position\":2,\"name\":\"Trgovina\",\"item\":\"https:\/\/www.salve.si\/trgovina\/\"},{\"@type\":\"ListItem\",\"position\":3,\"name\":\"PRI TEBI NA GORI\"}]},{\"@type\":\"WebSite\",\"@id\":\"https:\/\/www.salve.si\/#website\",\"url\":\"https:\/\/www.salve.si\/\",\"name\":\"Salve\",\"description\":\"Salezijanska zalo\u017eba\",\"publisher\":{\"@id\":\"https:\/\/www.salve.si\/#organization\"},\"potentialAction\":[{\"@type\":\"SearchAction\",\"target\":{\"@type\":\"EntryPoint\",\"urlTemplate\":\"https:\/\/www.salve.si\/?s={search_term_string}\"},\"query-input\":{\"@type\":\"PropertyValueSpecification\",\"valueRequired\":true,\"valueName\":\"search_term_string\"}}],\"inLanguage\":\"en-US\"},{\"@type\":\"Organization\",\"@id\":\"https:\/\/www.salve.si\/#organization\",\"name\":\"Salve d.o.o.\",\"url\":\"https:\/\/www.salve.si\/\",\"logo\":{\"@type\":\"ImageObject\",\"inLanguage\":\"en-US\",\"@id\":\"https:\/\/www.salve.si\/#\/schema\/logo\/image\/\",\"url\":\"https:\/\/www.salve.si\/wp-content\/uploads\/2021\/01\/Salve_logo_modri_nov_web.png\",\"contentUrl\":\"https:\/\/www.salve.si\/wp-content\/uploads\/2021\/01\/Salve_logo_modri_nov_web.png\",\"width\":279,\"height\":90,\"caption\":\"Salve d.o.o.\"},\"image\":{\"@id\":\"https:\/\/www.salve.si\/#\/schema\/logo\/image\/\"},\"sameAs\":[\"https:\/\/www.facebook.com\/salve.si\",\"https:\/\/www.instagram.com\/zalozbasalve\/\",\"https:\/\/www.linkedin.com\/company\/zalozba-salve\/\"]}]}<\/script>\n<!-- \/ Yoast SEO plugin. -->","yoast_head_json":{"title":"PRI TEBI NA GORI - Salve","robots":{"index":"index","follow":"follow","max-snippet":"max-snippet:-1","max-image-preview":"max-image-preview:large","max-video-preview":"max-video-preview:-1"},"canonical":"https:\/\/www.salve.si\/en\/trgovina\/knjige\/poezija\/pri-tebi-na-gori\/","og_locale":"en_US","og_type":"article","og_title":"PRI TEBI NA GORI - Salve","og_description":"Pesni\u0161ka zbirka Alenke Jeraj, v kateri so zbrane njene duhovne pesmi.","og_url":"https:\/\/www.salve.si\/en\/trgovina\/knjige\/poezija\/pri-tebi-na-gori\/","og_site_name":"Salve","article_publisher":"https:\/\/www.facebook.com\/salve.si","og_image":[{"width":2449,"height":3427,"url":"https:\/\/www.salve.si\/wp-content\/uploads\/2019\/08\/Pri-Tebi-na-Gori-naslovnica_Page_1.jpg","type":"image\/jpeg"}],"twitter_card":"summary_large_image","twitter_misc":{"Est. reading time":"1 minute"},"schema":{"@context":"https:\/\/schema.org","@graph":[{"@type":"WebPage","@id":"https:\/\/www.salve.si\/trgovina\/knjige\/poezija\/pri-tebi-na-gori\/","url":"https:\/\/www.salve.si\/trgovina\/knjige\/poezija\/pri-tebi-na-gori\/","name":"PRI TEBI NA GORI - Salve","isPartOf":{"@id":"https:\/\/www.salve.si\/#website"},"primaryImageOfPage":{"@id":"https:\/\/www.salve.si\/trgovina\/knjige\/poezija\/pri-tebi-na-gori\/#primaryimage"},"image":{"@id":"https:\/\/www.salve.si\/trgovina\/knjige\/poezija\/pri-tebi-na-gori\/#primaryimage"},"thumbnailUrl":"https:\/\/www.salve.si\/wp-content\/uploads\/2019\/08\/Pri-Tebi-na-Gori-naslovnica_Page_1.jpg","datePublished":"2019-08-02T07:26:10+00:00","dateModified":"2019-08-02T07:26:10+00:00","breadcrumb":{"@id":"https:\/\/www.salve.si\/trgovina\/knjige\/poezija\/pri-tebi-na-gori\/#breadcrumb"},"inLanguage":"en-US","potentialAction":[{"@type":"ReadAction","target":["https:\/\/www.salve.si\/trgovina\/knjige\/poezija\/pri-tebi-na-gori\/"]}]},{"@type":"ImageObject","inLanguage":"en-US","@id":"https:\/\/www.salve.si\/trgovina\/knjige\/poezija\/pri-tebi-na-gori\/#primaryimage","url":"https:\/\/www.salve.si\/wp-content\/uploads\/2019\/08\/Pri-Tebi-na-Gori-naslovnica_Page_1.jpg","contentUrl":"https:\/\/www.salve.si\/wp-content\/uploads\/2019\/08\/Pri-Tebi-na-Gori-naslovnica_Page_1.jpg","width":2449,"height":3427},{"@type":"BreadcrumbList","@id":"https:\/\/www.salve.si\/trgovina\/knjige\/poezija\/pri-tebi-na-gori\/#breadcrumb","itemListElement":[{"@type":"ListItem","position":1,"name":"Home","item":"https:\/\/www.salve.si\/"},{"@type":"ListItem","position":2,"name":"Trgovina","item":"https:\/\/www.salve.si\/trgovina\/"},{"@type":"ListItem","position":3,"name":"PRI TEBI NA GORI"}]},{"@type":"WebSite","@id":"https:\/\/www.salve.si\/#website","url":"https:\/\/www.salve.si\/","name":"Salve","description":"Salezijanska zalo\u017eba","publisher":{"@id":"https:\/\/www.salve.si\/#organization"},"potentialAction":[{"@type":"SearchAction","target":{"@type":"EntryPoint","urlTemplate":"https:\/\/www.salve.si\/?s={search_term_string}"},"query-input":{"@type":"PropertyValueSpecification","valueRequired":true,"valueName":"search_term_string"}}],"inLanguage":"en-US"},{"@type":"Organization","@id":"https:\/\/www.salve.si\/#organization","name":"Salve d.o.o.","url":"https:\/\/www.salve.si\/","logo":{"@type":"ImageObject","inLanguage":"en-US","@id":"https:\/\/www.salve.si\/#\/schema\/logo\/image\/","url":"https:\/\/www.salve.si\/wp-content\/uploads\/2021\/01\/Salve_logo_modri_nov_web.png","contentUrl":"https:\/\/www.salve.si\/wp-content\/uploads\/2021\/01\/Salve_logo_modri_nov_web.png","width":279,"height":90,"caption":"Salve d.o.o."},"image":{"@id":"https:\/\/www.salve.si\/#\/schema\/logo\/image\/"},"sameAs":["https:\/\/www.facebook.com\/salve.si","https:\/\/www.instagram.com\/zalozbasalve\/","https:\/\/www.linkedin.com\/company\/zalozba-salve\/"]}]}},"_links":{"self":[{"href":"https:\/\/www.salve.si\/en\/wp-json\/wp\/v2\/product\/6609","targetHints":{"allow":["GET"]}}],"collection":[{"href":"https:\/\/www.salve.si\/en\/wp-json\/wp\/v2\/product"}],"about":[{"href":"https:\/\/www.salve.si\/en\/wp-json\/wp\/v2\/types\/product"}],"version-history":[{"count":1,"href":"https:\/\/www.salve.si\/en\/wp-json\/wp\/v2\/product\/6609\/revisions"}],"predecessor-version":[{"id":6612,"href":"https:\/\/www.salve.si\/en\/wp-json\/wp\/v2\/product\/6609\/revisions\/6612"}],"wp:featuredmedia":[{"embeddable":true,"href":"https:\/\/www.salve.si\/en\/wp-json\/wp\/v2\/media\/6611"}],"wp:attachment":[{"href":"https:\/\/www.salve.si\/en\/wp-json\/wp\/v2\/media?parent=6609"}],"wp:term":[{"taxonomy":"product_cat","embeddable":true,"href":"https:\/\/www.salve.si\/en\/wp-json\/wp\/v2\/product_cat?post=6609"},{"taxonomy":"product_tag","embeddable":true,"href":"https:\/\/www.salve.si\/en\/wp-json\/wp\/v2\/product_tag?post=6609"}],"curies":[{"name":"wp","href":"https:\/\/api.w.org\/{rel}","templated":true}]}}

<p>Veliko pesmi v zbirki je posvečenih Mariji &#8211; Kraljici miru na Kureščku. Pesmi so preproste, razumljive in hkrati globoko duhovne. Zadevajo najintimnejše bistvo človeka: odnos do Boga in do samega sebe, s tem pa tudi do sočloveka in družbe. Njene pesmi vsebujejo malo besed, vendar je v njih veliko pomena. Piše v prostem verzu, ki je kratek, asketski.</p>
<p>Zbirka je razdeljena na pet ciklov. Pesmi v prvem so posvečene domovini, drugi cikel je posvečen Mariji Kraljici miru, tretji del predstavljajo pesmi, posvečene umrlim in porajajočim se, tudi pobitim po koncu druge svetovne vojne. Posebni sta zadnji dve pesmi, ki sta, čeprav opevata porušena sakralna objekta, polni vere in optimizma.</p>
<p><em>(iz zaključka zbirke, napisala Marjeta Žebovec)</em><span class="slv-content-keywords"> Alenka Jeraj Knjige Poezija Marija Kraljica miru Kurešček duhovne pesmi </span></p>

<p>Pesniška zbirka Alenke Jeraj, v kateri so zbrane njene duhovne pesmi.</p>

<!-- This site is optimized with the Yoast SEO plugin v23.8 - https://yoast.com/wordpress/plugins/seo/ -->
<title>PRI TEBI NA GORI - Salve</title>
<meta name="robots" content="index, follow, max-snippet:-1, max-image-preview:large, max-video-preview:-1" />
<link rel="canonical" href="https://www.salve.si/en/trgovina/knjige/poezija/pri-tebi-na-gori/" />
<meta property="og:locale" content="en_US" />
<meta property="og:type" content="article" />
<meta property="og:title" content="PRI TEBI NA GORI - Salve" />
<meta property="og:description" content="Pesniška zbirka Alenke Jeraj, v kateri so zbrane njene duhovne pesmi." />
<meta property="og:url" content="https://www.salve.si/en/trgovina/knjige/poezija/pri-tebi-na-gori/" />
<meta property="og:site_name" content="Salve" />
<meta property="article:publisher" content="https://www.facebook.com/salve.si" />
<meta property="og:image" content="https://www.salve.si/wp-content/uploads/2019/08/Pri-Tebi-na-Gori-naslovnica_Page_1.jpg" />
	<meta property="og:image:width" content="2449" />
	<meta property="og:image:height" content="3427" />
	<meta property="og:image:type" content="image/jpeg" />
<meta name="twitter:card" content="summary_large_image" />
<meta name="twitter:label1" content="Est. reading time" />
	<meta name="twitter:data1" content="1 minute" />
<script type="application/ld+json" class="yoast-schema-graph">{"@context":"https://schema.org","@graph":[{"@type":"WebPage","@id":"https://www.salve.si/trgovina/knjige/poezija/pri-tebi-na-gori/","url":"https://www.salve.si/trgovina/knjige/poezija/pri-tebi-na-gori/","name":"PRI TEBI NA GORI - Salve","isPartOf":{"@id":"https://www.salve.si/#website"},"primaryImageOfPage":{"@id":"https://www.salve.si/trgovina/knjige/poezija/pri-tebi-na-gori/#primaryimage"},"image":{"@id":"https://www.salve.si/trgovina/knjige/poezija/pri-tebi-na-gori/#primaryimage"},"thumbnailUrl":"https://www.salve.si/wp-content/uploads/2019/08/Pri-Tebi-na-Gori-naslovnica_Page_1.jpg","datePublished":"2019-08-02T07:26:10+00:00","dateModified":"2019-08-02T07:26:10+00:00","breadcrumb":{"@id":"https://www.salve.si/trgovina/knjige/poezija/pri-tebi-na-gori/#breadcrumb"},"inLanguage":"en-US","potentialAction":[{"@type":"ReadAction","target":["https://www.salve.si/trgovina/knjige/poezija/pri-tebi-na-gori/"]}]},{"@type":"ImageObject","inLanguage":"en-US","@id":"https://www.salve.si/trgovina/knjige/poezija/pri-tebi-na-gori/#primaryimage","url":"https://www.salve.si/wp-content/uploads/2019/08/Pri-Tebi-na-Gori-naslovnica_Page_1.jpg","contentUrl":"https://www.salve.si/wp-content/uploads/2019/08/Pri-Tebi-na-Gori-naslovnica_Page_1.jpg","width":2449,"height":3427},{"@type":"BreadcrumbList","@id":"https://www.salve.si/trgovina/knjige/poezija/pri-tebi-na-gori/#breadcrumb","itemListElement":[{"@type":"ListItem","position":1,"name":"Home","item":"https://www.salve.si/"},{"@type":"ListItem","position":2,"name":"Trgovina","item":"https://www.salve.si/trgovina/"},{"@type":"ListItem","position":3,"name":"PRI TEBI NA GORI"}]},{"@type":"WebSite","@id":"https://www.salve.si/#website","url":"https://www.salve.si/","name":"Salve","description":"Salezijanska založba","publisher":{"@id":"https://www.salve.si/#organization"},"potentialAction":[{"@type":"SearchAction","target":{"@type":"EntryPoint","urlTemplate":"https://www.salve.si/?s={search_term_string}"},"query-input":{"@type":"PropertyValueSpecification","valueRequired":true,"valueName":"search_term_string"}}],"inLanguage":"en-US"},{"@type":"Organization","@id":"https://www.salve.si/#organization","name":"Salve d.o.o.","url":"https://www.salve.si/","logo":{"@type":"ImageObject","inLanguage":"en-US","@id":"https://www.salve.si/#/schema/logo/image/","url":"https://www.salve.si/wp-content/uploads/2021/01/Salve_logo_modri_nov_web.png","contentUrl":"https://www.salve.si/wp-content/uploads/2021/01/Salve_logo_modri_nov_web.png","width":279,"height":90,"caption":"Salve d.o.o."},"image":{"@id":"https://www.salve.si/#/schema/logo/image/"},"sameAs":["https://www.facebook.com/salve.si","https://www.instagram.com/zalozbasalve/","https://www.linkedin.com/company/zalozba-salve/"]}]}</script>
<!-- / Yoast SEO plugin. -->

Pesniška zbirka Alenke Jeraj, v kateri so zbrane njene duhovne pesmi.

Salezijanska založba
