{"id":4837,"date":"2018-10-18T17:37:17","date_gmt":"2018-10-18T15:37:17","guid":{"rendered":"https:\/\/www.salve.si\/?post_type=product&#038;p=4837"},"modified":"2023-01-01T00:00:09","modified_gmt":"2022-12-31T23:00:09","slug":"stille-nacht-heilige-nacht-sveta-noc-blazena-noc-v-sloveniji","status":"publish","type":"product","link":"https:\/\/www.salve.si\/en\/trgovina\/knjige\/razno-knjige\/stille-nacht-heilige-nacht-sveta-noc-blazena-noc-v-sloveniji\/","title":{"rendered":"STILLE NACHT, HEILIGE NACHT: SVETA NO\u010c, BLA\u017dENA NO\u010c V SLOVENIJI"},"content":{"rendered":"<p>Po vsem svetu najbolj znana in priljubljena bo\u017ei\u010dna pesem <em>Stille Nacht, heilige Nacht<\/em> je prvi\u010d zazvenela pri polno\u010dnici v \u017eupniji Oberndorf, severno od Salzburga. Besedilo je 24. decembra 1818 izro\u010dil tamkaj\u0161njemu organistu in u\u010ditelju Franzu Xaverju Gruberju (1787 &#8211; 1863) s pro\u0161njo, naj ga uglasbi. Pesem sta pri polno\u010dnici 1818 zapela njena avtorja, Joseph Mohr (tenor) in Franz X. Gruber (bas) ob Mohrovi spremljavi na kitari, ker so v cerkvi odpovedale orgle. Tako bo ves kr\u0161\u010danski svet pri leto\u0161nji polno\u010dnici obhajal 200-letnico krstne izvedbe te pesmi.<\/p>\n<p>Tudi v Sloveniji Mohr-Gruberjeva pesem <em>Sveta no\u010d, bla\u017eena no\u010d<\/em> ne sme manjkati pri bo\u017ei\u010dnem bogoslu\u017eju, \u0161e zlasti pri polno\u010dnici. \u0160e ve\u010d! Kot pri nobeni drugi bo\u017ei\u010dni pesmi, sodeluje prav pri tej pesmi zelo zavzeto in globoko do\u017eiveto vse navzo\u010de ob\u010destvo.<span class=\"slv-content-keywords\"> Posebna ponudba Razno \u0160tefan Alojzij Feren\u010dak Ob 200-letnici krstne izvedbe <\/span><\/p>","protected":false},"excerpt":{"rendered":"<p>Predstavitev zgodovine pesmi<em> Sveta no\u010d, bla\u017eena no\u010d<\/em> v Sloveniji.<\/p>","protected":false},"featured_media":4838,"template":"","meta":{"_acf_changed":false,"footnotes":""},"product_cat":[709,663],"product_tag":[],"class_list":{"0":"post-4837","1":"product","2":"type-product","3":"status-publish","4":"has-post-thumbnail","6":"authors-stefan-alojzij-ferencak","7":"publisher-salve-d-o-o-ljubljana","8":"product_cat-posebna-ponudba","9":"product_cat-razno-knjige","11":"first","12":"instock","13":"shipping-taxable","14":"purchasable","15":"product-type-simple"},"acf":[],"yoast_head":"<!-- This site is optimized with the Yoast SEO plugin v23.8 - https:\/\/yoast.com\/wordpress\/plugins\/seo\/ -->\n<title>STILLE NACHT, HEILIGE NACHT: SVETA NO\u010c, BLA\u017dENA NO\u010c V SLOVENIJI - Salve<\/title>\n<meta name=\"robots\" content=\"index, follow, max-snippet:-1, max-image-preview:large, max-video-preview:-1\" \/>\n<link rel=\"canonical\" href=\"https:\/\/www.salve.si\/en\/trgovina\/knjige\/razno-knjige\/stille-nacht-heilige-nacht-sveta-noc-blazena-noc-v-sloveniji\/\" \/>\n<meta property=\"og:locale\" content=\"en_US\" \/>\n<meta property=\"og:type\" content=\"article\" \/>\n<meta property=\"og:title\" content=\"STILLE NACHT, HEILIGE NACHT: SVETA NO\u010c, BLA\u017dENA NO\u010c V SLOVENIJI - Salve\" \/>\n<meta property=\"og:description\" content=\"Predstavitev zgodovine pesmi Sveta no\u010d, bla\u017eena no\u010d v Sloveniji.\" \/>\n<meta property=\"og:url\" content=\"https:\/\/www.salve.si\/en\/trgovina\/knjige\/razno-knjige\/stille-nacht-heilige-nacht-sveta-noc-blazena-noc-v-sloveniji\/\" \/>\n<meta property=\"og:site_name\" content=\"Salve\" \/>\n<meta property=\"article:publisher\" content=\"https:\/\/www.facebook.com\/salve.si\" \/>\n<meta property=\"article:modified_time\" content=\"2022-12-31T23:00:09+00:00\" \/>\n<meta property=\"og:image\" content=\"https:\/\/www.salve.si\/wp-content\/uploads\/2018\/10\/Sveta-no\u010d-naslovnica.jpg\" \/>\n\t<meta property=\"og:image:width\" content=\"651\" \/>\n\t<meta property=\"og:image:height\" content=\"925\" \/>\n\t<meta property=\"og:image:type\" content=\"image\/jpeg\" \/>\n<meta name=\"twitter:card\" content=\"summary_large_image\" \/>\n<meta name=\"twitter:label1\" content=\"Est. reading time\" \/>\n\t<meta name=\"twitter:data1\" content=\"1 minute\" \/>\n<script type=\"application\/ld+json\" class=\"yoast-schema-graph\">{\"@context\":\"https:\/\/schema.org\",\"@graph\":[{\"@type\":\"WebPage\",\"@id\":\"https:\/\/www.salve.si\/trgovina\/knjige\/razno-knjige\/stille-nacht-heilige-nacht-sveta-noc-blazena-noc-v-sloveniji\/\",\"url\":\"https:\/\/www.salve.si\/trgovina\/knjige\/razno-knjige\/stille-nacht-heilige-nacht-sveta-noc-blazena-noc-v-sloveniji\/\",\"name\":\"STILLE NACHT, HEILIGE NACHT: SVETA NO\u010c, BLA\u017dENA NO\u010c V SLOVENIJI - Salve\",\"isPartOf\":{\"@id\":\"https:\/\/www.salve.si\/#website\"},\"primaryImageOfPage\":{\"@id\":\"https:\/\/www.salve.si\/trgovina\/knjige\/razno-knjige\/stille-nacht-heilige-nacht-sveta-noc-blazena-noc-v-sloveniji\/#primaryimage\"},\"image\":{\"@id\":\"https:\/\/www.salve.si\/trgovina\/knjige\/razno-knjige\/stille-nacht-heilige-nacht-sveta-noc-blazena-noc-v-sloveniji\/#primaryimage\"},\"thumbnailUrl\":\"https:\/\/www.salve.si\/wp-content\/uploads\/2018\/10\/Sveta-no\u010d-naslovnica.jpg\",\"datePublished\":\"2018-10-18T15:37:17+00:00\",\"dateModified\":\"2022-12-31T23:00:09+00:00\",\"breadcrumb\":{\"@id\":\"https:\/\/www.salve.si\/trgovina\/knjige\/razno-knjige\/stille-nacht-heilige-nacht-sveta-noc-blazena-noc-v-sloveniji\/#breadcrumb\"},\"inLanguage\":\"en-US\",\"potentialAction\":[{\"@type\":\"ReadAction\",\"target\":[\"https:\/\/www.salve.si\/trgovina\/knjige\/razno-knjige\/stille-nacht-heilige-nacht-sveta-noc-blazena-noc-v-sloveniji\/\"]}]},{\"@type\":\"ImageObject\",\"inLanguage\":\"en-US\",\"@id\":\"https:\/\/www.salve.si\/trgovina\/knjige\/razno-knjige\/stille-nacht-heilige-nacht-sveta-noc-blazena-noc-v-sloveniji\/#primaryimage\",\"url\":\"https:\/\/www.salve.si\/wp-content\/uploads\/2018\/10\/Sveta-no\u010d-naslovnica.jpg\",\"contentUrl\":\"https:\/\/www.salve.si\/wp-content\/uploads\/2018\/10\/Sveta-no\u010d-naslovnica.jpg\",\"width\":651,\"height\":925},{\"@type\":\"BreadcrumbList\",\"@id\":\"https:\/\/www.salve.si\/trgovina\/knjige\/razno-knjige\/stille-nacht-heilige-nacht-sveta-noc-blazena-noc-v-sloveniji\/#breadcrumb\",\"itemListElement\":[{\"@type\":\"ListItem\",\"position\":1,\"name\":\"Home\",\"item\":\"https:\/\/www.salve.si\/\"},{\"@type\":\"ListItem\",\"position\":2,\"name\":\"Trgovina\",\"item\":\"https:\/\/www.salve.si\/trgovina\/\"},{\"@type\":\"ListItem\",\"position\":3,\"name\":\"STILLE NACHT, HEILIGE NACHT: SVETA NO\u010c, BLA\u017dENA NO\u010c V SLOVENIJI\"}]},{\"@type\":\"WebSite\",\"@id\":\"https:\/\/www.salve.si\/#website\",\"url\":\"https:\/\/www.salve.si\/\",\"name\":\"Salve\",\"description\":\"Salezijanska zalo\u017eba\",\"publisher\":{\"@id\":\"https:\/\/www.salve.si\/#organization\"},\"potentialAction\":[{\"@type\":\"SearchAction\",\"target\":{\"@type\":\"EntryPoint\",\"urlTemplate\":\"https:\/\/www.salve.si\/?s={search_term_string}\"},\"query-input\":{\"@type\":\"PropertyValueSpecification\",\"valueRequired\":true,\"valueName\":\"search_term_string\"}}],\"inLanguage\":\"en-US\"},{\"@type\":\"Organization\",\"@id\":\"https:\/\/www.salve.si\/#organization\",\"name\":\"Salve d.o.o.\",\"url\":\"https:\/\/www.salve.si\/\",\"logo\":{\"@type\":\"ImageObject\",\"inLanguage\":\"en-US\",\"@id\":\"https:\/\/www.salve.si\/#\/schema\/logo\/image\/\",\"url\":\"https:\/\/www.salve.si\/wp-content\/uploads\/2021\/01\/Salve_logo_modri_nov_web.png\",\"contentUrl\":\"https:\/\/www.salve.si\/wp-content\/uploads\/2021\/01\/Salve_logo_modri_nov_web.png\",\"width\":279,\"height\":90,\"caption\":\"Salve d.o.o.\"},\"image\":{\"@id\":\"https:\/\/www.salve.si\/#\/schema\/logo\/image\/\"},\"sameAs\":[\"https:\/\/www.facebook.com\/salve.si\",\"https:\/\/www.instagram.com\/zalozbasalve\/\",\"https:\/\/www.linkedin.com\/company\/zalozba-salve\/\"]}]}<\/script>\n<!-- \/ Yoast SEO plugin. -->","yoast_head_json":{"title":"STILLE NACHT, HEILIGE NACHT: SVETA NO\u010c, BLA\u017dENA NO\u010c V SLOVENIJI - Salve","robots":{"index":"index","follow":"follow","max-snippet":"max-snippet:-1","max-image-preview":"max-image-preview:large","max-video-preview":"max-video-preview:-1"},"canonical":"https:\/\/www.salve.si\/en\/trgovina\/knjige\/razno-knjige\/stille-nacht-heilige-nacht-sveta-noc-blazena-noc-v-sloveniji\/","og_locale":"en_US","og_type":"article","og_title":"STILLE NACHT, HEILIGE NACHT: SVETA NO\u010c, BLA\u017dENA NO\u010c V SLOVENIJI - Salve","og_description":"Predstavitev zgodovine pesmi Sveta no\u010d, bla\u017eena no\u010d v Sloveniji.","og_url":"https:\/\/www.salve.si\/en\/trgovina\/knjige\/razno-knjige\/stille-nacht-heilige-nacht-sveta-noc-blazena-noc-v-sloveniji\/","og_site_name":"Salve","article_publisher":"https:\/\/www.facebook.com\/salve.si","article_modified_time":"2022-12-31T23:00:09+00:00","og_image":[{"width":651,"height":925,"url":"https:\/\/www.salve.si\/wp-content\/uploads\/2018\/10\/Sveta-no\u010d-naslovnica.jpg","type":"image\/jpeg"}],"twitter_card":"summary_large_image","twitter_misc":{"Est. reading time":"1 minute"},"schema":{"@context":"https:\/\/schema.org","@graph":[{"@type":"WebPage","@id":"https:\/\/www.salve.si\/trgovina\/knjige\/razno-knjige\/stille-nacht-heilige-nacht-sveta-noc-blazena-noc-v-sloveniji\/","url":"https:\/\/www.salve.si\/trgovina\/knjige\/razno-knjige\/stille-nacht-heilige-nacht-sveta-noc-blazena-noc-v-sloveniji\/","name":"STILLE NACHT, HEILIGE NACHT: SVETA NO\u010c, BLA\u017dENA NO\u010c V SLOVENIJI - Salve","isPartOf":{"@id":"https:\/\/www.salve.si\/#website"},"primaryImageOfPage":{"@id":"https:\/\/www.salve.si\/trgovina\/knjige\/razno-knjige\/stille-nacht-heilige-nacht-sveta-noc-blazena-noc-v-sloveniji\/#primaryimage"},"image":{"@id":"https:\/\/www.salve.si\/trgovina\/knjige\/razno-knjige\/stille-nacht-heilige-nacht-sveta-noc-blazena-noc-v-sloveniji\/#primaryimage"},"thumbnailUrl":"https:\/\/www.salve.si\/wp-content\/uploads\/2018\/10\/Sveta-no\u010d-naslovnica.jpg","datePublished":"2018-10-18T15:37:17+00:00","dateModified":"2022-12-31T23:00:09+00:00","breadcrumb":{"@id":"https:\/\/www.salve.si\/trgovina\/knjige\/razno-knjige\/stille-nacht-heilige-nacht-sveta-noc-blazena-noc-v-sloveniji\/#breadcrumb"},"inLanguage":"en-US","potentialAction":[{"@type":"ReadAction","target":["https:\/\/www.salve.si\/trgovina\/knjige\/razno-knjige\/stille-nacht-heilige-nacht-sveta-noc-blazena-noc-v-sloveniji\/"]}]},{"@type":"ImageObject","inLanguage":"en-US","@id":"https:\/\/www.salve.si\/trgovina\/knjige\/razno-knjige\/stille-nacht-heilige-nacht-sveta-noc-blazena-noc-v-sloveniji\/#primaryimage","url":"https:\/\/www.salve.si\/wp-content\/uploads\/2018\/10\/Sveta-no\u010d-naslovnica.jpg","contentUrl":"https:\/\/www.salve.si\/wp-content\/uploads\/2018\/10\/Sveta-no\u010d-naslovnica.jpg","width":651,"height":925},{"@type":"BreadcrumbList","@id":"https:\/\/www.salve.si\/trgovina\/knjige\/razno-knjige\/stille-nacht-heilige-nacht-sveta-noc-blazena-noc-v-sloveniji\/#breadcrumb","itemListElement":[{"@type":"ListItem","position":1,"name":"Home","item":"https:\/\/www.salve.si\/"},{"@type":"ListItem","position":2,"name":"Trgovina","item":"https:\/\/www.salve.si\/trgovina\/"},{"@type":"ListItem","position":3,"name":"STILLE NACHT, HEILIGE NACHT: SVETA NO\u010c, BLA\u017dENA NO\u010c V SLOVENIJI"}]},{"@type":"WebSite","@id":"https:\/\/www.salve.si\/#website","url":"https:\/\/www.salve.si\/","name":"Salve","description":"Salezijanska zalo\u017eba","publisher":{"@id":"https:\/\/www.salve.si\/#organization"},"potentialAction":[{"@type":"SearchAction","target":{"@type":"EntryPoint","urlTemplate":"https:\/\/www.salve.si\/?s={search_term_string}"},"query-input":{"@type":"PropertyValueSpecification","valueRequired":true,"valueName":"search_term_string"}}],"inLanguage":"en-US"},{"@type":"Organization","@id":"https:\/\/www.salve.si\/#organization","name":"Salve d.o.o.","url":"https:\/\/www.salve.si\/","logo":{"@type":"ImageObject","inLanguage":"en-US","@id":"https:\/\/www.salve.si\/#\/schema\/logo\/image\/","url":"https:\/\/www.salve.si\/wp-content\/uploads\/2021\/01\/Salve_logo_modri_nov_web.png","contentUrl":"https:\/\/www.salve.si\/wp-content\/uploads\/2021\/01\/Salve_logo_modri_nov_web.png","width":279,"height":90,"caption":"Salve d.o.o."},"image":{"@id":"https:\/\/www.salve.si\/#\/schema\/logo\/image\/"},"sameAs":["https:\/\/www.facebook.com\/salve.si","https:\/\/www.instagram.com\/zalozbasalve\/","https:\/\/www.linkedin.com\/company\/zalozba-salve\/"]}]}},"_links":{"self":[{"href":"https:\/\/www.salve.si\/en\/wp-json\/wp\/v2\/product\/4837","targetHints":{"allow":["GET"]}}],"collection":[{"href":"https:\/\/www.salve.si\/en\/wp-json\/wp\/v2\/product"}],"about":[{"href":"https:\/\/www.salve.si\/en\/wp-json\/wp\/v2\/types\/product"}],"version-history":[{"count":4,"href":"https:\/\/www.salve.si\/en\/wp-json\/wp\/v2\/product\/4837\/revisions"}],"predecessor-version":[{"id":12959,"href":"https:\/\/www.salve.si\/en\/wp-json\/wp\/v2\/product\/4837\/revisions\/12959"}],"wp:featuredmedia":[{"embeddable":true,"href":"https:\/\/www.salve.si\/en\/wp-json\/wp\/v2\/media\/4838"}],"wp:attachment":[{"href":"https:\/\/www.salve.si\/en\/wp-json\/wp\/v2\/media?parent=4837"}],"wp:term":[{"taxonomy":"product_cat","embeddable":true,"href":"https:\/\/www.salve.si\/en\/wp-json\/wp\/v2\/product_cat?post=4837"},{"taxonomy":"product_tag","embeddable":true,"href":"https:\/\/www.salve.si\/en\/wp-json\/wp\/v2\/product_tag?post=4837"}],"curies":[{"name":"wp","href":"https:\/\/api.w.org\/{rel}","templated":true}]}}

STILLE NACHT, HEILIGE NACHT: SVETA NOČ, BLAŽENA NOČ V SLOVENIJI

<p>Po vsem svetu najbolj znana in priljubljena božična pesem <em>Stille Nacht, heilige Nacht</em> je prvič zazvenela pri polnočnici v župniji Oberndorf, severno od Salzburga. Besedilo je 24. decembra 1818 izročil tamkajšnjemu organistu in učitelju Franzu Xaverju Gruberju (1787 &#8211; 1863) s prošnjo, naj ga uglasbi. Pesem sta pri polnočnici 1818 zapela njena avtorja, Joseph Mohr (tenor) in Franz X. Gruber (bas) ob Mohrovi spremljavi na kitari, ker so v cerkvi odpovedale orgle. Tako bo ves krščanski svet pri letošnji polnočnici obhajal 200-letnico krstne izvedbe te pesmi.</p>
<p>Tudi v Sloveniji Mohr-Gruberjeva pesem <em>Sveta noč, blažena noč</em> ne sme manjkati pri božičnem bogoslužju, še zlasti pri polnočnici. Še več! Kot pri nobeni drugi božični pesmi, sodeluje prav pri tej pesmi zelo zavzeto in globoko doživeto vse navzoče občestvo.<span class="slv-content-keywords"> Posebna ponudba Razno Štefan Alojzij Ferenčak Ob 200-letnici krstne izvedbe </span></p>

<p>Predstavitev zgodovine pesmi<em> Sveta noč, blažena noč</em> v Sloveniji.</p>

<!-- This site is optimized with the Yoast SEO plugin v23.8 - https://yoast.com/wordpress/plugins/seo/ -->
<title>STILLE NACHT, HEILIGE NACHT: SVETA NOČ, BLAŽENA NOČ V SLOVENIJI - Salve</title>
<meta name="robots" content="index, follow, max-snippet:-1, max-image-preview:large, max-video-preview:-1" />
<link rel="canonical" href="https://www.salve.si/en/trgovina/knjige/razno-knjige/stille-nacht-heilige-nacht-sveta-noc-blazena-noc-v-sloveniji/" />
<meta property="og:locale" content="en_US" />
<meta property="og:type" content="article" />
<meta property="og:title" content="STILLE NACHT, HEILIGE NACHT: SVETA NOČ, BLAŽENA NOČ V SLOVENIJI - Salve" />
<meta property="og:description" content="Predstavitev zgodovine pesmi Sveta noč, blažena noč v Sloveniji." />
<meta property="og:url" content="https://www.salve.si/en/trgovina/knjige/razno-knjige/stille-nacht-heilige-nacht-sveta-noc-blazena-noc-v-sloveniji/" />
<meta property="og:site_name" content="Salve" />
<meta property="article:publisher" content="https://www.facebook.com/salve.si" />
<meta property="article:modified_time" content="2022-12-31T23:00:09+00:00" />
<meta property="og:image" content="https://www.salve.si/wp-content/uploads/2018/10/Sveta-noč-naslovnica.jpg" />
	<meta property="og:image:width" content="651" />
	<meta property="og:image:height" content="925" />
	<meta property="og:image:type" content="image/jpeg" />
<meta name="twitter:card" content="summary_large_image" />
<meta name="twitter:label1" content="Est. reading time" />
	<meta name="twitter:data1" content="1 minute" />
<script type="application/ld+json" class="yoast-schema-graph">{"@context":"https://schema.org","@graph":[{"@type":"WebPage","@id":"https://www.salve.si/trgovina/knjige/razno-knjige/stille-nacht-heilige-nacht-sveta-noc-blazena-noc-v-sloveniji/","url":"https://www.salve.si/trgovina/knjige/razno-knjige/stille-nacht-heilige-nacht-sveta-noc-blazena-noc-v-sloveniji/","name":"STILLE NACHT, HEILIGE NACHT: SVETA NOČ, BLAŽENA NOČ V SLOVENIJI - Salve","isPartOf":{"@id":"https://www.salve.si/#website"},"primaryImageOfPage":{"@id":"https://www.salve.si/trgovina/knjige/razno-knjige/stille-nacht-heilige-nacht-sveta-noc-blazena-noc-v-sloveniji/#primaryimage"},"image":{"@id":"https://www.salve.si/trgovina/knjige/razno-knjige/stille-nacht-heilige-nacht-sveta-noc-blazena-noc-v-sloveniji/#primaryimage"},"thumbnailUrl":"https://www.salve.si/wp-content/uploads/2018/10/Sveta-noč-naslovnica.jpg","datePublished":"2018-10-18T15:37:17+00:00","dateModified":"2022-12-31T23:00:09+00:00","breadcrumb":{"@id":"https://www.salve.si/trgovina/knjige/razno-knjige/stille-nacht-heilige-nacht-sveta-noc-blazena-noc-v-sloveniji/#breadcrumb"},"inLanguage":"en-US","potentialAction":[{"@type":"ReadAction","target":["https://www.salve.si/trgovina/knjige/razno-knjige/stille-nacht-heilige-nacht-sveta-noc-blazena-noc-v-sloveniji/"]}]},{"@type":"ImageObject","inLanguage":"en-US","@id":"https://www.salve.si/trgovina/knjige/razno-knjige/stille-nacht-heilige-nacht-sveta-noc-blazena-noc-v-sloveniji/#primaryimage","url":"https://www.salve.si/wp-content/uploads/2018/10/Sveta-noč-naslovnica.jpg","contentUrl":"https://www.salve.si/wp-content/uploads/2018/10/Sveta-noč-naslovnica.jpg","width":651,"height":925},{"@type":"BreadcrumbList","@id":"https://www.salve.si/trgovina/knjige/razno-knjige/stille-nacht-heilige-nacht-sveta-noc-blazena-noc-v-sloveniji/#breadcrumb","itemListElement":[{"@type":"ListItem","position":1,"name":"Home","item":"https://www.salve.si/"},{"@type":"ListItem","position":2,"name":"Trgovina","item":"https://www.salve.si/trgovina/"},{"@type":"ListItem","position":3,"name":"STILLE NACHT, HEILIGE NACHT: SVETA NOČ, BLAŽENA NOČ V SLOVENIJI"}]},{"@type":"WebSite","@id":"https://www.salve.si/#website","url":"https://www.salve.si/","name":"Salve","description":"Salezijanska založba","publisher":{"@id":"https://www.salve.si/#organization"},"potentialAction":[{"@type":"SearchAction","target":{"@type":"EntryPoint","urlTemplate":"https://www.salve.si/?s={search_term_string}"},"query-input":{"@type":"PropertyValueSpecification","valueRequired":true,"valueName":"search_term_string"}}],"inLanguage":"en-US"},{"@type":"Organization","@id":"https://www.salve.si/#organization","name":"Salve d.o.o.","url":"https://www.salve.si/","logo":{"@type":"ImageObject","inLanguage":"en-US","@id":"https://www.salve.si/#/schema/logo/image/","url":"https://www.salve.si/wp-content/uploads/2021/01/Salve_logo_modri_nov_web.png","contentUrl":"https://www.salve.si/wp-content/uploads/2021/01/Salve_logo_modri_nov_web.png","width":279,"height":90,"caption":"Salve d.o.o."},"image":{"@id":"https://www.salve.si/#/schema/logo/image/"},"sameAs":["https://www.facebook.com/salve.si","https://www.instagram.com/zalozbasalve/","https://www.linkedin.com/company/zalozba-salve/"]}]}</script>
<!-- / Yoast SEO plugin. -->

STILLE NACHT, HEILIGE NACHT: SVETA NOČ, BLAŽENA NOČ V SLOVENIJI - Salve

Predstavitev zgodovine pesmi Sveta noč, blažena noč v Sloveniji.

https://www.salve.si/wp-content/uploads/2018/10/Sveta-noč-naslovnica.jpg

Salezijanska založba
