{"id":2788,"date":"2013-05-27T10:00:01","date_gmt":"2013-05-27T08:00:01","guid":{"rendered":"http:\/\/2018.salve.si\/?post_type=product&#038;p=2788"},"modified":"2018-08-23T13:28:03","modified_gmt":"2018-08-23T11:28:03","slug":"z-vrtnicami-v-letu-vere","status":"publish","type":"product","link":"https:\/\/www.salve.si\/en\/trgovina\/knjige\/teologija-in-duhovnost\/z-vrtnicami-v-letu-vere\/","title":{"rendered":"Z vrtnicami v letu vere"},"content":{"rendered":"<p>Slovenska \u0161kofovska konferenca je na pobudo Odbora za posvetitev Jezusovemu in Marijinemu Srcu 2001 priporo\u010dila ponovno uvedbo junijskih vrtnic, ki so bile pred 2. svetovno vojno \u017ee zelo udoma\u010dene. \u0160kofje so zapisali: \u00bbSlovenski \u0161kofje z veseljem podpiramo va\u0161o pobudo, da Odbor za posvetitev Jezusovemu in Marijinemu Srcu ponovno uvede junijsko pobo\u017enost vrtnic.\u00ab<br \/>\nKakor v maju \u010dastimo Mater Marijo, je v juniju na\u0161a pozornost usmerjena na Jezusa, na njegovo presveto Srce. Po Mariji k Jezusu! V juniju obhajamo tudi praznik presvetega Srca Jezusovega.<br \/>\nZa vsakdanje junijsko branje je letos \u017ee drugo leto gospa prof. Berta Golob pripravila zelo dobro knji\u017eico z zna\u010dilnim naslovom Z vrtnicami v letu vere. Gre za pomemben prispevek za poglobljeno obhajanje leta vere. Posebna odlika vrtnic je povezanost z vsakdanjim \u017eivljenjem, hkrati pa tudi s Svetim pismom in svetniki v mesecu juniju. Se razume, kot je za vrtnice normalno, je povsod v ospredju Srce Jezusovo in njegova neizmerna ljubezen do nas ljudi.<br \/>\nVrtnice lahko obhajamo v cerkvi in doma, morda kot ve\u010derno molitev. K branju po mo\u017enosti dodajmo litanije Srca Jezusovega. Knji\u017eico dobite pri zalo\u017ebi Salve. Je zelo primerno darilo bolnikom in ostarelim.<span class=\"slv-content-keywords\"> V \u0161oli najsvetej\u0161ih src Berta Golob Teologija in duhovnost <\/span><\/p>","protected":false},"excerpt":{"rendered":"<p>Za vsakdanje junijsko branje je letos \u017ee drugo leto gospa prof. Berta Golob pripravila zelo dobro knji\u017eico z zna\u010dilnim naslovom Z vrtnicami v letu vere. Gre za pomemben prispevek za poglobljeno obhajanje leta vere. Posebna odlika vrtnic je povezanost z vsakdanjim \u017eivljenjem, hkrati pa tudi s Svetim pismom in svetniki v mesecu juniju. Se razume, kot je za vrtnice normalno, je povsod v ospredju Srce Jezusovo in njegova neizmerna ljubezen do nas ljudi.<\/p>","protected":false},"featured_media":2789,"template":"","meta":{"_acf_changed":false,"footnotes":""},"product_cat":[314],"product_tag":[],"class_list":{"0":"post-2788","1":"product","2":"type-product","3":"status-publish","4":"has-post-thumbnail","6":"zbirke-v-soli-najsvetejsih-src","7":"authors-berta-golob","8":"publisher-salve-d-o-o-ljubljana","9":"product_cat-teologija-in-duhovnost","11":"first","12":"instock","13":"shipping-taxable","14":"purchasable","15":"product-type-simple"},"acf":[],"yoast_head":"<!-- This site is optimized with the Yoast SEO plugin v23.8 - https:\/\/yoast.com\/wordpress\/plugins\/seo\/ -->\n<title>Z vrtnicami v letu vere - Salve<\/title>\n<meta name=\"robots\" content=\"index, follow, max-snippet:-1, max-image-preview:large, max-video-preview:-1\" \/>\n<link rel=\"canonical\" href=\"https:\/\/www.salve.si\/en\/trgovina\/knjige\/teologija-in-duhovnost\/z-vrtnicami-v-letu-vere\/\" \/>\n<meta property=\"og:locale\" content=\"en_US\" \/>\n<meta property=\"og:type\" content=\"article\" \/>\n<meta property=\"og:title\" content=\"Z vrtnicami v letu vere - Salve\" \/>\n<meta property=\"og:description\" content=\"Za vsakdanje junijsko branje je letos \u017ee drugo leto gospa prof. Berta Golob pripravila zelo dobro knji\u017eico z zna\u010dilnim naslovom Z vrtnicami v letu vere. Gre za pomemben prispevek za poglobljeno obhajanje leta vere. Posebna odlika vrtnic je povezanost z vsakdanjim \u017eivljenjem, hkrati pa tudi s Svetim pismom in svetniki v mesecu juniju. Se razume, kot je za vrtnice normalno, je povsod v ospredju Srce Jezusovo in njegova neizmerna ljubezen do nas ljudi.\" \/>\n<meta property=\"og:url\" content=\"https:\/\/www.salve.si\/en\/trgovina\/knjige\/teologija-in-duhovnost\/z-vrtnicami-v-letu-vere\/\" \/>\n<meta property=\"og:site_name\" content=\"Salve\" \/>\n<meta property=\"article:publisher\" content=\"https:\/\/www.facebook.com\/salve.si\" \/>\n<meta property=\"article:modified_time\" content=\"2018-08-23T11:28:03+00:00\" \/>\n<meta property=\"og:image\" content=\"https:\/\/www.salve.si\/wp-content\/uploads\/2018\/03\/z-vrtnicami-v-letu-vere_berta-golob.jpg\" \/>\n\t<meta property=\"og:image:width\" content=\"1326\" \/>\n\t<meta property=\"og:image:height\" content=\"1905\" \/>\n\t<meta property=\"og:image:type\" content=\"image\/jpeg\" \/>\n<meta name=\"twitter:card\" content=\"summary_large_image\" \/>\n<meta name=\"twitter:label1\" content=\"Est. reading time\" \/>\n\t<meta name=\"twitter:data1\" content=\"1 minute\" \/>\n<script type=\"application\/ld+json\" class=\"yoast-schema-graph\">{\"@context\":\"https:\/\/schema.org\",\"@graph\":[{\"@type\":\"WebPage\",\"@id\":\"https:\/\/www.salve.si\/trgovina\/knjige\/teologija-in-duhovnost\/z-vrtnicami-v-letu-vere\/\",\"url\":\"https:\/\/www.salve.si\/trgovina\/knjige\/teologija-in-duhovnost\/z-vrtnicami-v-letu-vere\/\",\"name\":\"Z vrtnicami v letu vere - Salve\",\"isPartOf\":{\"@id\":\"https:\/\/www.salve.si\/#website\"},\"primaryImageOfPage\":{\"@id\":\"https:\/\/www.salve.si\/trgovina\/knjige\/teologija-in-duhovnost\/z-vrtnicami-v-letu-vere\/#primaryimage\"},\"image\":{\"@id\":\"https:\/\/www.salve.si\/trgovina\/knjige\/teologija-in-duhovnost\/z-vrtnicami-v-letu-vere\/#primaryimage\"},\"thumbnailUrl\":\"https:\/\/www.salve.si\/wp-content\/uploads\/2018\/03\/z-vrtnicami-v-letu-vere_berta-golob.jpg\",\"datePublished\":\"2013-05-27T08:00:01+00:00\",\"dateModified\":\"2018-08-23T11:28:03+00:00\",\"breadcrumb\":{\"@id\":\"https:\/\/www.salve.si\/trgovina\/knjige\/teologija-in-duhovnost\/z-vrtnicami-v-letu-vere\/#breadcrumb\"},\"inLanguage\":\"en-US\",\"potentialAction\":[{\"@type\":\"ReadAction\",\"target\":[\"https:\/\/www.salve.si\/trgovina\/knjige\/teologija-in-duhovnost\/z-vrtnicami-v-letu-vere\/\"]}]},{\"@type\":\"ImageObject\",\"inLanguage\":\"en-US\",\"@id\":\"https:\/\/www.salve.si\/trgovina\/knjige\/teologija-in-duhovnost\/z-vrtnicami-v-letu-vere\/#primaryimage\",\"url\":\"https:\/\/www.salve.si\/wp-content\/uploads\/2018\/03\/z-vrtnicami-v-letu-vere_berta-golob.jpg\",\"contentUrl\":\"https:\/\/www.salve.si\/wp-content\/uploads\/2018\/03\/z-vrtnicami-v-letu-vere_berta-golob.jpg\",\"width\":1326,\"height\":1905},{\"@type\":\"BreadcrumbList\",\"@id\":\"https:\/\/www.salve.si\/trgovina\/knjige\/teologija-in-duhovnost\/z-vrtnicami-v-letu-vere\/#breadcrumb\",\"itemListElement\":[{\"@type\":\"ListItem\",\"position\":1,\"name\":\"Home\",\"item\":\"https:\/\/www.salve.si\/\"},{\"@type\":\"ListItem\",\"position\":2,\"name\":\"Trgovina\",\"item\":\"https:\/\/www.salve.si\/trgovina\/\"},{\"@type\":\"ListItem\",\"position\":3,\"name\":\"Z vrtnicami v letu vere\"}]},{\"@type\":\"WebSite\",\"@id\":\"https:\/\/www.salve.si\/#website\",\"url\":\"https:\/\/www.salve.si\/\",\"name\":\"Salve\",\"description\":\"Salezijanska zalo\u017eba\",\"publisher\":{\"@id\":\"https:\/\/www.salve.si\/#organization\"},\"potentialAction\":[{\"@type\":\"SearchAction\",\"target\":{\"@type\":\"EntryPoint\",\"urlTemplate\":\"https:\/\/www.salve.si\/?s={search_term_string}\"},\"query-input\":{\"@type\":\"PropertyValueSpecification\",\"valueRequired\":true,\"valueName\":\"search_term_string\"}}],\"inLanguage\":\"en-US\"},{\"@type\":\"Organization\",\"@id\":\"https:\/\/www.salve.si\/#organization\",\"name\":\"Salve d.o.o.\",\"url\":\"https:\/\/www.salve.si\/\",\"logo\":{\"@type\":\"ImageObject\",\"inLanguage\":\"en-US\",\"@id\":\"https:\/\/www.salve.si\/#\/schema\/logo\/image\/\",\"url\":\"https:\/\/www.salve.si\/wp-content\/uploads\/2021\/01\/Salve_logo_modri_nov_web.png\",\"contentUrl\":\"https:\/\/www.salve.si\/wp-content\/uploads\/2021\/01\/Salve_logo_modri_nov_web.png\",\"width\":279,\"height\":90,\"caption\":\"Salve d.o.o.\"},\"image\":{\"@id\":\"https:\/\/www.salve.si\/#\/schema\/logo\/image\/\"},\"sameAs\":[\"https:\/\/www.facebook.com\/salve.si\",\"https:\/\/www.instagram.com\/zalozbasalve\/\",\"https:\/\/www.linkedin.com\/company\/zalozba-salve\/\"]}]}<\/script>\n<!-- \/ Yoast SEO plugin. -->","yoast_head_json":{"title":"Z vrtnicami v letu vere - Salve","robots":{"index":"index","follow":"follow","max-snippet":"max-snippet:-1","max-image-preview":"max-image-preview:large","max-video-preview":"max-video-preview:-1"},"canonical":"https:\/\/www.salve.si\/en\/trgovina\/knjige\/teologija-in-duhovnost\/z-vrtnicami-v-letu-vere\/","og_locale":"en_US","og_type":"article","og_title":"Z vrtnicami v letu vere - Salve","og_description":"Za vsakdanje junijsko branje je letos \u017ee drugo leto gospa prof. Berta Golob pripravila zelo dobro knji\u017eico z zna\u010dilnim naslovom Z vrtnicami v letu vere. Gre za pomemben prispevek za poglobljeno obhajanje leta vere. Posebna odlika vrtnic je povezanost z vsakdanjim \u017eivljenjem, hkrati pa tudi s Svetim pismom in svetniki v mesecu juniju. Se razume, kot je za vrtnice normalno, je povsod v ospredju Srce Jezusovo in njegova neizmerna ljubezen do nas ljudi.","og_url":"https:\/\/www.salve.si\/en\/trgovina\/knjige\/teologija-in-duhovnost\/z-vrtnicami-v-letu-vere\/","og_site_name":"Salve","article_publisher":"https:\/\/www.facebook.com\/salve.si","article_modified_time":"2018-08-23T11:28:03+00:00","og_image":[{"width":1326,"height":1905,"url":"https:\/\/www.salve.si\/wp-content\/uploads\/2018\/03\/z-vrtnicami-v-letu-vere_berta-golob.jpg","type":"image\/jpeg"}],"twitter_card":"summary_large_image","twitter_misc":{"Est. reading time":"1 minute"},"schema":{"@context":"https:\/\/schema.org","@graph":[{"@type":"WebPage","@id":"https:\/\/www.salve.si\/trgovina\/knjige\/teologija-in-duhovnost\/z-vrtnicami-v-letu-vere\/","url":"https:\/\/www.salve.si\/trgovina\/knjige\/teologija-in-duhovnost\/z-vrtnicami-v-letu-vere\/","name":"Z vrtnicami v letu vere - Salve","isPartOf":{"@id":"https:\/\/www.salve.si\/#website"},"primaryImageOfPage":{"@id":"https:\/\/www.salve.si\/trgovina\/knjige\/teologija-in-duhovnost\/z-vrtnicami-v-letu-vere\/#primaryimage"},"image":{"@id":"https:\/\/www.salve.si\/trgovina\/knjige\/teologija-in-duhovnost\/z-vrtnicami-v-letu-vere\/#primaryimage"},"thumbnailUrl":"https:\/\/www.salve.si\/wp-content\/uploads\/2018\/03\/z-vrtnicami-v-letu-vere_berta-golob.jpg","datePublished":"2013-05-27T08:00:01+00:00","dateModified":"2018-08-23T11:28:03+00:00","breadcrumb":{"@id":"https:\/\/www.salve.si\/trgovina\/knjige\/teologija-in-duhovnost\/z-vrtnicami-v-letu-vere\/#breadcrumb"},"inLanguage":"en-US","potentialAction":[{"@type":"ReadAction","target":["https:\/\/www.salve.si\/trgovina\/knjige\/teologija-in-duhovnost\/z-vrtnicami-v-letu-vere\/"]}]},{"@type":"ImageObject","inLanguage":"en-US","@id":"https:\/\/www.salve.si\/trgovina\/knjige\/teologija-in-duhovnost\/z-vrtnicami-v-letu-vere\/#primaryimage","url":"https:\/\/www.salve.si\/wp-content\/uploads\/2018\/03\/z-vrtnicami-v-letu-vere_berta-golob.jpg","contentUrl":"https:\/\/www.salve.si\/wp-content\/uploads\/2018\/03\/z-vrtnicami-v-letu-vere_berta-golob.jpg","width":1326,"height":1905},{"@type":"BreadcrumbList","@id":"https:\/\/www.salve.si\/trgovina\/knjige\/teologija-in-duhovnost\/z-vrtnicami-v-letu-vere\/#breadcrumb","itemListElement":[{"@type":"ListItem","position":1,"name":"Home","item":"https:\/\/www.salve.si\/"},{"@type":"ListItem","position":2,"name":"Trgovina","item":"https:\/\/www.salve.si\/trgovina\/"},{"@type":"ListItem","position":3,"name":"Z vrtnicami v letu vere"}]},{"@type":"WebSite","@id":"https:\/\/www.salve.si\/#website","url":"https:\/\/www.salve.si\/","name":"Salve","description":"Salezijanska zalo\u017eba","publisher":{"@id":"https:\/\/www.salve.si\/#organization"},"potentialAction":[{"@type":"SearchAction","target":{"@type":"EntryPoint","urlTemplate":"https:\/\/www.salve.si\/?s={search_term_string}"},"query-input":{"@type":"PropertyValueSpecification","valueRequired":true,"valueName":"search_term_string"}}],"inLanguage":"en-US"},{"@type":"Organization","@id":"https:\/\/www.salve.si\/#organization","name":"Salve d.o.o.","url":"https:\/\/www.salve.si\/","logo":{"@type":"ImageObject","inLanguage":"en-US","@id":"https:\/\/www.salve.si\/#\/schema\/logo\/image\/","url":"https:\/\/www.salve.si\/wp-content\/uploads\/2021\/01\/Salve_logo_modri_nov_web.png","contentUrl":"https:\/\/www.salve.si\/wp-content\/uploads\/2021\/01\/Salve_logo_modri_nov_web.png","width":279,"height":90,"caption":"Salve d.o.o."},"image":{"@id":"https:\/\/www.salve.si\/#\/schema\/logo\/image\/"},"sameAs":["https:\/\/www.facebook.com\/salve.si","https:\/\/www.instagram.com\/zalozbasalve\/","https:\/\/www.linkedin.com\/company\/zalozba-salve\/"]}]}},"_links":{"self":[{"href":"https:\/\/www.salve.si\/en\/wp-json\/wp\/v2\/product\/2788","targetHints":{"allow":["GET"]}}],"collection":[{"href":"https:\/\/www.salve.si\/en\/wp-json\/wp\/v2\/product"}],"about":[{"href":"https:\/\/www.salve.si\/en\/wp-json\/wp\/v2\/types\/product"}],"version-history":[{"count":0,"href":"https:\/\/www.salve.si\/en\/wp-json\/wp\/v2\/product\/2788\/revisions"}],"wp:featuredmedia":[{"embeddable":true,"href":"https:\/\/www.salve.si\/en\/wp-json\/wp\/v2\/media\/2789"}],"wp:attachment":[{"href":"https:\/\/www.salve.si\/en\/wp-json\/wp\/v2\/media?parent=2788"}],"wp:term":[{"taxonomy":"product_cat","embeddable":true,"href":"https:\/\/www.salve.si\/en\/wp-json\/wp\/v2\/product_cat?post=2788"},{"taxonomy":"product_tag","embeddable":true,"href":"https:\/\/www.salve.si\/en\/wp-json\/wp\/v2\/product_tag?post=2788"}],"curies":[{"name":"wp","href":"https:\/\/api.w.org\/{rel}","templated":true}]}}

<p>Slovenska škofovska konferenca je na pobudo Odbora za posvetitev Jezusovemu in Marijinemu Srcu 2001 priporočila ponovno uvedbo junijskih vrtnic, ki so bile pred 2. svetovno vojno že zelo udomačene. Škofje so zapisali: »Slovenski škofje z veseljem podpiramo vašo pobudo, da Odbor za posvetitev Jezusovemu in Marijinemu Srcu ponovno uvede junijsko pobožnost vrtnic.«<br />
Kakor v maju častimo Mater Marijo, je v juniju naša pozornost usmerjena na Jezusa, na njegovo presveto Srce. Po Mariji k Jezusu! V juniju obhajamo tudi praznik presvetega Srca Jezusovega.<br />
Za vsakdanje junijsko branje je letos že drugo leto gospa prof. Berta Golob pripravila zelo dobro knjižico z značilnim naslovom Z vrtnicami v letu vere. Gre za pomemben prispevek za poglobljeno obhajanje leta vere. Posebna odlika vrtnic je povezanost z vsakdanjim življenjem, hkrati pa tudi s Svetim pismom in svetniki v mesecu juniju. Se razume, kot je za vrtnice normalno, je povsod v ospredju Srce Jezusovo in njegova neizmerna ljubezen do nas ljudi.<br />
Vrtnice lahko obhajamo v cerkvi in doma, morda kot večerno molitev. K branju po možnosti dodajmo litanije Srca Jezusovega. Knjižico dobite pri založbi Salve. Je zelo primerno darilo bolnikom in ostarelim.<span class="slv-content-keywords"> V šoli najsvetejših src Berta Golob Teologija in duhovnost </span></p>

<p>Za vsakdanje junijsko branje je letos že drugo leto gospa prof. Berta Golob pripravila zelo dobro knjižico z značilnim naslovom Z vrtnicami v letu vere. Gre za pomemben prispevek za poglobljeno obhajanje leta vere. Posebna odlika vrtnic je povezanost z vsakdanjim življenjem, hkrati pa tudi s Svetim pismom in svetniki v mesecu juniju. Se razume, kot je za vrtnice normalno, je povsod v ospredju Srce Jezusovo in njegova neizmerna ljubezen do nas ljudi.</p>

<!-- This site is optimized with the Yoast SEO plugin v23.8 - https://yoast.com/wordpress/plugins/seo/ -->
<title>Z vrtnicami v letu vere - Salve</title>
<meta name="robots" content="index, follow, max-snippet:-1, max-image-preview:large, max-video-preview:-1" />
<link rel="canonical" href="https://www.salve.si/en/trgovina/knjige/teologija-in-duhovnost/z-vrtnicami-v-letu-vere/" />
<meta property="og:locale" content="en_US" />
<meta property="og:type" content="article" />
<meta property="og:title" content="Z vrtnicami v letu vere - Salve" />
<meta property="og:description" content="Za vsakdanje junijsko branje je letos že drugo leto gospa prof. Berta Golob pripravila zelo dobro knjižico z značilnim naslovom Z vrtnicami v letu vere. Gre za pomemben prispevek za poglobljeno obhajanje leta vere. Posebna odlika vrtnic je povezanost z vsakdanjim življenjem, hkrati pa tudi s Svetim pismom in svetniki v mesecu juniju. Se razume, kot je za vrtnice normalno, je povsod v ospredju Srce Jezusovo in njegova neizmerna ljubezen do nas ljudi." />
<meta property="og:url" content="https://www.salve.si/en/trgovina/knjige/teologija-in-duhovnost/z-vrtnicami-v-letu-vere/" />
<meta property="og:site_name" content="Salve" />
<meta property="article:publisher" content="https://www.facebook.com/salve.si" />
<meta property="article:modified_time" content="2018-08-23T11:28:03+00:00" />
<meta property="og:image" content="https://www.salve.si/wp-content/uploads/2018/03/z-vrtnicami-v-letu-vere_berta-golob.jpg" />
	<meta property="og:image:width" content="1326" />
	<meta property="og:image:height" content="1905" />
	<meta property="og:image:type" content="image/jpeg" />
<meta name="twitter:card" content="summary_large_image" />
<meta name="twitter:label1" content="Est. reading time" />
	<meta name="twitter:data1" content="1 minute" />
<script type="application/ld+json" class="yoast-schema-graph">{"@context":"https://schema.org","@graph":[{"@type":"WebPage","@id":"https://www.salve.si/trgovina/knjige/teologija-in-duhovnost/z-vrtnicami-v-letu-vere/","url":"https://www.salve.si/trgovina/knjige/teologija-in-duhovnost/z-vrtnicami-v-letu-vere/","name":"Z vrtnicami v letu vere - Salve","isPartOf":{"@id":"https://www.salve.si/#website"},"primaryImageOfPage":{"@id":"https://www.salve.si/trgovina/knjige/teologija-in-duhovnost/z-vrtnicami-v-letu-vere/#primaryimage"},"image":{"@id":"https://www.salve.si/trgovina/knjige/teologija-in-duhovnost/z-vrtnicami-v-letu-vere/#primaryimage"},"thumbnailUrl":"https://www.salve.si/wp-content/uploads/2018/03/z-vrtnicami-v-letu-vere_berta-golob.jpg","datePublished":"2013-05-27T08:00:01+00:00","dateModified":"2018-08-23T11:28:03+00:00","breadcrumb":{"@id":"https://www.salve.si/trgovina/knjige/teologija-in-duhovnost/z-vrtnicami-v-letu-vere/#breadcrumb"},"inLanguage":"en-US","potentialAction":[{"@type":"ReadAction","target":["https://www.salve.si/trgovina/knjige/teologija-in-duhovnost/z-vrtnicami-v-letu-vere/"]}]},{"@type":"ImageObject","inLanguage":"en-US","@id":"https://www.salve.si/trgovina/knjige/teologija-in-duhovnost/z-vrtnicami-v-letu-vere/#primaryimage","url":"https://www.salve.si/wp-content/uploads/2018/03/z-vrtnicami-v-letu-vere_berta-golob.jpg","contentUrl":"https://www.salve.si/wp-content/uploads/2018/03/z-vrtnicami-v-letu-vere_berta-golob.jpg","width":1326,"height":1905},{"@type":"BreadcrumbList","@id":"https://www.salve.si/trgovina/knjige/teologija-in-duhovnost/z-vrtnicami-v-letu-vere/#breadcrumb","itemListElement":[{"@type":"ListItem","position":1,"name":"Home","item":"https://www.salve.si/"},{"@type":"ListItem","position":2,"name":"Trgovina","item":"https://www.salve.si/trgovina/"},{"@type":"ListItem","position":3,"name":"Z vrtnicami v letu vere"}]},{"@type":"WebSite","@id":"https://www.salve.si/#website","url":"https://www.salve.si/","name":"Salve","description":"Salezijanska založba","publisher":{"@id":"https://www.salve.si/#organization"},"potentialAction":[{"@type":"SearchAction","target":{"@type":"EntryPoint","urlTemplate":"https://www.salve.si/?s={search_term_string}"},"query-input":{"@type":"PropertyValueSpecification","valueRequired":true,"valueName":"search_term_string"}}],"inLanguage":"en-US"},{"@type":"Organization","@id":"https://www.salve.si/#organization","name":"Salve d.o.o.","url":"https://www.salve.si/","logo":{"@type":"ImageObject","inLanguage":"en-US","@id":"https://www.salve.si/#/schema/logo/image/","url":"https://www.salve.si/wp-content/uploads/2021/01/Salve_logo_modri_nov_web.png","contentUrl":"https://www.salve.si/wp-content/uploads/2021/01/Salve_logo_modri_nov_web.png","width":279,"height":90,"caption":"Salve d.o.o."},"image":{"@id":"https://www.salve.si/#/schema/logo/image/"},"sameAs":["https://www.facebook.com/salve.si","https://www.instagram.com/zalozbasalve/","https://www.linkedin.com/company/zalozba-salve/"]}]}</script>
<!-- / Yoast SEO plugin. -->

Za vsakdanje junijsko branje je letos že drugo leto gospa prof. Berta Golob pripravila zelo dobro knjižico z značilnim naslovom Z vrtnicami v letu vere. Gre za pomemben prispevek za poglobljeno obhajanje leta vere. Posebna odlika vrtnic je povezanost z vsakdanjim življenjem, hkrati pa tudi s Svetim pismom in svetniki v mesecu juniju. Se razume, kot je za vrtnice normalno, je povsod v ospredju Srce Jezusovo in njegova neizmerna ljubezen do nas ljudi.

Salezijanska založba
