{"version":"1.0","provider_name":"Salve","provider_url":"https:\/\/www.salve.si\/en","author_name":"Andrej Baliga\u010d","author_url":"https:\/\/www.salve.si\/en\/author\/andrej\/","title":"2. adventna nedelja - Salve","type":"rich","width":600,"height":338,"html":"<blockquote class=\"wp-embedded-content\" data-secret=\"0L5JSKzggz\"><a href=\"https:\/\/www.salve.si\/en\/nedeljska-meditacija\/2-adventna-nedelja\/\">2. adventna nedelja<\/a><\/blockquote><iframe sandbox=\"allow-scripts\" security=\"restricted\" src=\"https:\/\/www.salve.si\/en\/nedeljska-meditacija\/2-adventna-nedelja\/embed\/#?secret=0L5JSKzggz\" width=\"600\" height=\"338\" title=\"&#8220;2. adventna nedelja&#8221; &#8212; Salve\" data-secret=\"0L5JSKzggz\" frameborder=\"0\" marginwidth=\"0\" marginheight=\"0\" scrolling=\"no\" class=\"wp-embedded-content\"><\/iframe><script type=\"text\/javascript\">\n\/* <![CDATA[ *\/\n\/*! This file is auto-generated *\/\n!function(d,l){\"use strict\";l.querySelector&&d.addEventListener&&\"undefined\"!=typeof URL&&(d.wp=d.wp||{},d.wp.receiveEmbedMessage||(d.wp.receiveEmbedMessage=function(e){var t=e.data;if((t||t.secret||t.message||t.value)&&!\/[^a-zA-Z0-9]\/.test(t.secret)){for(var s,r,n,a=l.querySelectorAll('iframe[data-secret=\"'+t.secret+'\"]'),o=l.querySelectorAll('blockquote[data-secret=\"'+t.secret+'\"]'),c=new RegExp(\"^https?:$\",\"i\"),i=0;i<o.length;i++)o[i].style.display=\"none\";for(i=0;i<a.length;i++)s=a[i],e.source===s.contentWindow&&(s.removeAttribute(\"style\"),\"height\"===t.message?(1e3<(r=parseInt(t.value,10))?r=1e3:~~r<200&&(r=200),s.height=r):\"link\"===t.message&&(r=new URL(s.getAttribute(\"src\")),n=new URL(t.value),c.test(n.protocol))&&n.host===r.host&&l.activeElement===s&&(d.top.location.href=t.value))}},d.addEventListener(\"message\",d.wp.receiveEmbedMessage,!1),l.addEventListener(\"DOMContentLoaded\",function(){for(var e,t,s=l.querySelectorAll(\"iframe.wp-embedded-content\"),r=0;r<s.length;r++)(t=(e=s[r]).getAttribute(\"data-secret\"))||(t=Math.random().toString(36).substring(2,12),e.src+=\"#?secret=\"+t,e.setAttribute(\"data-secret\",t)),e.contentWindow.postMessage({message:\"ready\",secret:t},\"*\")},!1)))}(window,document);\n\/* ]]> *\/\n<\/script>","description":"Glejte, Gospod Bog prihaja z mo\u010djo Vsi se zavedamo, da je \u017eivljenje te\u017eko in nikoli ne vemo, ali smo dobro pripravljeni na vse izzive, ki nas \u010dakajo na na\u0161i poti. Star\u0161i se spra\u0161ujejo, ali bodo dovolj dobro pripravili svoje otroke na boj, ki jih \u010daka, kajti v svetu, ki se spreminja z astronomsko naglico, ni...","thumbnail_url":"https:\/\/www.salve.si\/wp-content\/uploads\/2026\/01\/salve-og1.jpg","thumbnail_width":1200,"thumbnail_height":630}

Andrej Baligač

Glejte, Gospod Bog prihaja z močjo Vsi se zavedamo, da je življenje težko in nikoli ne vemo, ali smo dobro pripravljeni na vse izzive, ki nas čakajo na naši poti. Starši se sprašujejo, ali bodo dovolj dobro pripravili svoje otroke na boj, ki jih čaka, kajti v svetu, ki se spreminja z astronomsko naglico, ni...
